{"id":20291,"date":"2020-05-29T09:52:34","date_gmt":"2020-05-29T08:52:34","guid":{"rendered":"https:\/\/www.servidormix.com\/montemuroepaiva\/?page_id=20291"},"modified":"2021-02-24T14:16:10","modified_gmt":"2021-02-24T14:16:10","slug":"freguesia-de-pepim","status":"publish","type":"page","link":"https:\/\/www.servidormix.com\/montemuroepaiva\/freguesia-de-pepim\/","title":{"rendered":"Freguesia de Pepim"},"content":{"rendered":"\t\t<div data-elementor-type=\"wp-page\" data-elementor-id=\"20291\" class=\"elementor elementor-20291\" data-elementor-settings=\"[]\">\n\t\t\t\t\t\t<div class=\"elementor-inner\">\n\t\t\t\t\t\t\t<div class=\"elementor-section-wrap\">\n\t\t\t\t\t\t\t<section class=\"elementor-section elementor-top-section elementor-element elementor-element-6bad5c5 elementor-section-stretched elementor-section-boxed elementor-section-height-default elementor-section-height-default\" data-id=\"6bad5c5\" data-element_type=\"section\" data-settings=\"{&quot;stretch_section&quot;:&quot;section-stretched&quot;,&quot;background_background&quot;:&quot;classic&quot;,&quot;background_motion_fx_motion_fx_scrolling&quot;:&quot;yes&quot;,&quot;background_motion_fx_translateY_effect&quot;:&quot;yes&quot;,&quot;background_motion_fx_translateY_speed&quot;:{&quot;unit&quot;:&quot;px&quot;,&quot;size&quot;:4,&quot;sizes&quot;:[]},&quot;background_motion_fx_translateY_affectedRange&quot;:{&quot;unit&quot;:&quot;%&quot;,&quot;size&quot;:&quot;&quot;,&quot;sizes&quot;:{&quot;start&quot;:0,&quot;end&quot;:100}},&quot;background_motion_fx_devices&quot;:[&quot;desktop&quot;,&quot;tablet&quot;,&quot;mobile&quot;]}\">\n\t\t\t\t\t\t\t<div class=\"elementor-background-overlay\"><\/div>\n\t\t\t\t\t\t\t<div class=\"elementor-container elementor-column-gap-default\">\n\t\t\t\t\t\t\t<div class=\"elementor-row\">\n\t\t\t\t\t<div class=\"elementor-column elementor-col-100 elementor-top-column elementor-element elementor-element-a5d794b\" data-id=\"a5d794b\" data-element_type=\"column\">\n\t\t\t<div class=\"elementor-column-wrap elementor-element-populated\">\n\t\t\t\t\t\t\t<div class=\"elementor-widget-wrap\">\n\t\t\t\t\t\t<div class=\"elementor-element elementor-element-855a684 elementor-widget elementor-widget-heading\" data-id=\"855a684\" data-element_type=\"widget\" data-widget_type=\"heading.default\">\n\t\t\t\t<div class=\"elementor-widget-container\">\n\t\t\t<h4 class=\"elementor-heading-title elementor-size-default\">freguesia de<\/h4>\t\t<\/div>\n\t\t\t\t<\/div>\n\t\t\t\t<div class=\"elementor-element elementor-element-8c2ab08 elementor-widget elementor-widget-heading\" data-id=\"8c2ab08\" data-element_type=\"widget\" data-widget_type=\"heading.default\">\n\t\t\t\t<div class=\"elementor-widget-container\">\n\t\t\t<h2 class=\"elementor-heading-title elementor-size-default\"><b> Pepim<\/b><\/h2>\t\t<\/div>\n\t\t\t\t<\/div>\n\t\t\t\t\t\t<\/div>\n\t\t\t\t\t<\/div>\n\t\t<\/div>\n\t\t\t\t\t\t\t\t<\/div>\n\t\t\t\t\t<\/div>\n\t\t<\/section>\n\t\t\t\t<section class=\"elementor-section elementor-top-section elementor-element elementor-element-09bf0a5 elementor-section-stretched elementor-section-content-top elementor-section-boxed elementor-section-height-default elementor-section-height-default elementor-invisible\" data-id=\"09bf0a5\" data-element_type=\"section\" data-settings=\"{&quot;stretch_section&quot;:&quot;section-stretched&quot;,&quot;background_background&quot;:&quot;classic&quot;,&quot;animation&quot;:&quot;fadeInUp&quot;}\">\n\t\t\t\t\t\t\t<div class=\"elementor-background-overlay\"><\/div>\n\t\t\t\t\t\t\t<div class=\"elementor-container elementor-column-gap-wider\">\n\t\t\t\t\t\t\t<div class=\"elementor-row\">\n\t\t\t\t\t<div class=\"elementor-column elementor-col-50 elementor-top-column elementor-element elementor-element-25af517\" data-id=\"25af517\" data-element_type=\"column\">\n\t\t\t<div class=\"elementor-column-wrap elementor-element-populated\">\n\t\t\t\t\t\t\t<div class=\"elementor-widget-wrap\">\n\t\t\t\t\t\t<div class=\"elementor-element elementor-element-58c51dd elementor-widget elementor-widget-image\" data-id=\"58c51dd\" data-element_type=\"widget\" data-widget_type=\"image.default\">\n\t\t\t\t<div class=\"elementor-widget-container\">\n\t\t\t\t\t<div class=\"elementor-image\">\n\t\t\t\t\t\t\t\t\t\t<img width=\"500\" height=\"333\" src=\"https:\/\/www.servidormix.com\/montemuroepaiva\/wp-content\/uploads\/2020\/05\/pepim.jpg\" class=\"attachment-large size-large\" alt=\"\" loading=\"lazy\" srcset=\"https:\/\/www.servidormix.com\/montemuroepaiva\/wp-content\/uploads\/2020\/05\/pepim.jpg 500w, https:\/\/www.servidormix.com\/montemuroepaiva\/wp-content\/uploads\/2020\/05\/pepim-300x200.jpg 300w, https:\/\/www.servidormix.com\/montemuroepaiva\/wp-content\/uploads\/2020\/05\/pepim-450x300.jpg 450w\" sizes=\"(max-width: 500px) 100vw, 500px\" \/>\t\t\t\t\t\t\t\t\t\t\t<\/div>\n\t\t\t\t<\/div>\n\t\t\t\t<\/div>\n\t\t\t\t\t\t<\/div>\n\t\t\t\t\t<\/div>\n\t\t<\/div>\n\t\t\t\t<div class=\"elementor-column elementor-col-50 elementor-top-column elementor-element elementor-element-166d7ea\" data-id=\"166d7ea\" data-element_type=\"column\">\n\t\t\t<div class=\"elementor-column-wrap elementor-element-populated\">\n\t\t\t\t\t\t\t<div class=\"elementor-widget-wrap\">\n\t\t\t\t\t\t<div class=\"elementor-element elementor-element-b819f3b elementor-widget elementor-widget-text-editor\" data-id=\"b819f3b\" data-element_type=\"widget\" data-widget_type=\"text-editor.default\">\n\t\t\t\t<div class=\"elementor-widget-container\">\n\t\t\t\t\t<div class=\"elementor-text-editor elementor-clearfix\"><p>Dista cerca de cinco quil\u00f3metros da sede do concelho e ocupa uma \u00e1rea de 1193,48 ha, estendendo-se pelas seguintes povoa\u00e7\u00f5es: Pepim, Mosteiro, Outeiro, Vale de Carvalho e algumas Quintas (Ponte da Pedrinha; Entroncamento e Ch\u00e3os de Paiva) \u2013 436 habitantes. Esta freguesia encontra-se separada do concelho de Castro Daire pelo rio Paiva, confrontando a norte com a freguesia de Reriz, com Alva, a sul, com Ribolhos, a nascente e com Pesos, a poente. Segundo a popula\u00e7\u00e3o com mais idade, o top\u00f3nimo da freguesia resulta de, outrora, a\u00ed ter habitado uma fam\u00edlia cujo chefe era conhecido como Conde Pepim.<\/p><p>Pepim fazia parte do antigo concelho de Alva que recebeu foral por D. Henrique confirmado por D. Afonso III. D. Manuel atribuiu foral novo a 10 de Fevereiro de 1514, fazendo desta terra igualmente concelho. Pepim construiu a sua pr\u00f3pria igreja de Santa Maria em 1258, posteriormente designada Nossa Senhora da Concei\u00e7\u00e3o. Foi doada a Jo\u00e3o Roiz Borges em conjunto com algumas terras de Alva pelo D. Afonso I. No S\u00e9culo XVI, ficou a pertencer ao Bispo, passando depois para Roque Monteiro Paym, senhor de Alva, ficando em sucess\u00e3o para os Condes de Alva. Foi edificada uma nova igreja, no s\u00e9culo XVIII, talvez inspirada na regi\u00e3o de Braga pelo facto da constru\u00e7\u00e3o da torre ter sido feita na retaguarda do corpo da capela-mor.<\/p><\/div>\n\t\t\t\t<\/div>\n\t\t\t\t<\/div>\n\t\t\t\t\t\t<\/div>\n\t\t\t\t\t<\/div>\n\t\t<\/div>\n\t\t\t\t\t\t\t\t<\/div>\n\t\t\t\t\t<\/div>\n\t\t<\/section>\n\t\t\t\t<section class=\"elementor-section elementor-top-section elementor-element elementor-element-2df0387 elementor-section-boxed elementor-section-height-default elementor-section-height-default\" data-id=\"2df0387\" data-element_type=\"section\">\n\t\t\t\t\t\t<div class=\"elementor-container elementor-column-gap-default\">\n\t\t\t\t\t\t\t<div class=\"elementor-row\">\n\t\t\t\t\t<div class=\"elementor-column elementor-col-100 elementor-top-column elementor-element elementor-element-b1f8dcf\" data-id=\"b1f8dcf\" data-element_type=\"column\">\n\t\t\t<div class=\"elementor-column-wrap elementor-element-populated\">\n\t\t\t\t\t\t\t<div class=\"elementor-widget-wrap\">\n\t\t\t\t\t\t<div class=\"elementor-element elementor-element-e4fafef elementor-widget elementor-widget-google_maps\" data-id=\"e4fafef\" data-element_type=\"widget\" data-widget_type=\"google_maps.default\">\n\t\t\t\t<div class=\"elementor-widget-container\">\n\t\t\t<div class=\"elementor-custom-embed\"><iframe frameborder=\"0\" scrolling=\"no\" marginheight=\"0\" marginwidth=\"0\" src=\"https:\/\/maps.google.com\/maps?q=FREGUESIA%20DE%20pepim&amp;t=m&amp;z=13&amp;output=embed&amp;iwloc=near\" title=\"FREGUESIA DE pepim\" aria-label=\"FREGUESIA DE pepim\"><\/iframe><\/div>\t\t<\/div>\n\t\t\t\t<\/div>\n\t\t\t\t\t\t<\/div>\n\t\t\t\t\t<\/div>\n\t\t<\/div>\n\t\t\t\t\t\t\t\t<\/div>\n\t\t\t\t\t<\/div>\n\t\t<\/section>\n\t\t\t\t\t\t<\/div>\n\t\t\t\t\t\t<\/div>\n\t\t\t\t\t<\/div>\n\t\t","protected":false},"excerpt":{"rendered":"<p>freguesia de Pepim Dista cerca de cinco quil\u00f3metros da sede do concelho e ocupa uma \u00e1rea de 1193,48 ha, estendendo-se pelas seguintes povoa\u00e7\u00f5es: Pepim, Mosteiro, Outeiro, Vale de Carvalho e algumas Quintas (Ponte da Pedrinha; Entroncamento e Ch\u00e3os de Paiva) \u2013 436 habitantes. Esta freguesia encontra-se separada do concelho de Castro Daire pelo rio Paiva, [&hellip;]<\/p>\n","protected":false},"author":1,"featured_media":20219,"parent":0,"menu_order":0,"comment_status":"closed","ping_status":"closed","template":"","meta":[],"_links":{"self":[{"href":"https:\/\/www.servidormix.com\/montemuroepaiva\/wp-json\/wp\/v2\/pages\/20291"}],"collection":[{"href":"https:\/\/www.servidormix.com\/montemuroepaiva\/wp-json\/wp\/v2\/pages"}],"about":[{"href":"https:\/\/www.servidormix.com\/montemuroepaiva\/wp-json\/wp\/v2\/types\/page"}],"author":[{"embeddable":true,"href":"https:\/\/www.servidormix.com\/montemuroepaiva\/wp-json\/wp\/v2\/users\/1"}],"replies":[{"embeddable":true,"href":"https:\/\/www.servidormix.com\/montemuroepaiva\/wp-json\/wp\/v2\/comments?post=20291"}],"version-history":[{"count":9,"href":"https:\/\/www.servidormix.com\/montemuroepaiva\/wp-json\/wp\/v2\/pages\/20291\/revisions"}],"predecessor-version":[{"id":24480,"href":"https:\/\/www.servidormix.com\/montemuroepaiva\/wp-json\/wp\/v2\/pages\/20291\/revisions\/24480"}],"wp:featuredmedia":[{"embeddable":true,"href":"https:\/\/www.servidormix.com\/montemuroepaiva\/wp-json\/wp\/v2\/media\/20219"}],"wp:attachment":[{"href":"https:\/\/www.servidormix.com\/montemuroepaiva\/wp-json\/wp\/v2\/media?parent=20291"}],"curies":[{"name":"wp","href":"https:\/\/api.w.org\/{rel}","templated":true}]}}

<div data-elementor-type="wp-page" data-elementor-id="20291" class="elementor elementor-20291" data-elementor-settings="[]">
						<div class="elementor-inner">
							<div class="elementor-section-wrap">
							<section class="elementor-section elementor-top-section elementor-element elementor-element-6bad5c5 elementor-section-stretched elementor-section-boxed elementor-section-height-default elementor-section-height-default" data-id="6bad5c5" data-element_type="section" data-settings="{&quot;stretch_section&quot;:&quot;section-stretched&quot;,&quot;background_background&quot;:&quot;classic&quot;,&quot;background_motion_fx_motion_fx_scrolling&quot;:&quot;yes&quot;,&quot;background_motion_fx_translateY_effect&quot;:&quot;yes&quot;,&quot;background_motion_fx_translateY_speed&quot;:{&quot;unit&quot;:&quot;px&quot;,&quot;size&quot;:4,&quot;sizes&quot;:[]},&quot;background_motion_fx_translateY_affectedRange&quot;:{&quot;unit&quot;:&quot;%&quot;,&quot;size&quot;:&quot;&quot;,&quot;sizes&quot;:{&quot;start&quot;:0,&quot;end&quot;:100}},&quot;background_motion_fx_devices&quot;:[&quot;desktop&quot;,&quot;tablet&quot;,&quot;mobile&quot;]}">
							<div class="elementor-background-overlay"></div>
							<div class="elementor-container elementor-column-gap-default">
							<div class="elementor-row">
					<div class="elementor-column elementor-col-100 elementor-top-column elementor-element elementor-element-a5d794b" data-id="a5d794b" data-element_type="column">
			<div class="elementor-column-wrap elementor-element-populated">
							<div class="elementor-widget-wrap">
						<div class="elementor-element elementor-element-855a684 elementor-widget elementor-widget-heading" data-id="855a684" data-element_type="widget" data-widget_type="heading.default">
				<div class="elementor-widget-container">
			<h4 class="elementor-heading-title elementor-size-default">freguesia de</h4>		</div>
				</div>
				<div class="elementor-element elementor-element-8c2ab08 elementor-widget elementor-widget-heading" data-id="8c2ab08" data-element_type="widget" data-widget_type="heading.default">
				<div class="elementor-widget-container">
			<h2 class="elementor-heading-title elementor-size-default"><b> Pepim</b></h2>		</div>
				</div>
						</div>
					</div>
		</div>
								</div>
					</div>
		</section>
				<section class="elementor-section elementor-top-section elementor-element elementor-element-09bf0a5 elementor-section-stretched elementor-section-content-top elementor-section-boxed elementor-section-height-default elementor-section-height-default elementor-invisible" data-id="09bf0a5" data-element_type="section" data-settings="{&quot;stretch_section&quot;:&quot;section-stretched&quot;,&quot;background_background&quot;:&quot;classic&quot;,&quot;animation&quot;:&quot;fadeInUp&quot;}">
							<div class="elementor-background-overlay"></div>
							<div class="elementor-container elementor-column-gap-wider">
							<div class="elementor-row">
					<div class="elementor-column elementor-col-50 elementor-top-column elementor-element elementor-element-25af517" data-id="25af517" data-element_type="column">
			<div class="elementor-column-wrap elementor-element-populated">
							<div class="elementor-widget-wrap">
						<div class="elementor-element elementor-element-58c51dd elementor-widget elementor-widget-image" data-id="58c51dd" data-element_type="widget" data-widget_type="image.default">
				<div class="elementor-widget-container">
					<div class="elementor-image">
										<img width="500" height="333" src="https://www.servidormix.com/montemuroepaiva/wp-content/uploads/2020/05/pepim.jpg" class="attachment-large size-large" alt="" loading="lazy" srcset="https://www.servidormix.com/montemuroepaiva/wp-content/uploads/2020/05/pepim.jpg 500w, https://www.servidormix.com/montemuroepaiva/wp-content/uploads/2020/05/pepim-300x200.jpg 300w, https://www.servidormix.com/montemuroepaiva/wp-content/uploads/2020/05/pepim-450x300.jpg 450w" sizes="(max-width: 500px) 100vw, 500px" />											</div>
				</div>
				</div>
						</div>
					</div>
		</div>
				<div class="elementor-column elementor-col-50 elementor-top-column elementor-element elementor-element-166d7ea" data-id="166d7ea" data-element_type="column">
			<div class="elementor-column-wrap elementor-element-populated">
							<div class="elementor-widget-wrap">
						<div class="elementor-element elementor-element-b819f3b elementor-widget elementor-widget-text-editor" data-id="b819f3b" data-element_type="widget" data-widget_type="text-editor.default">
				<div class="elementor-widget-container">
					<div class="elementor-text-editor elementor-clearfix"><p>Dista cerca de cinco quilómetros da sede do concelho e ocupa uma área de 1193,48 ha, estendendo-se pelas seguintes povoações: Pepim, Mosteiro, Outeiro, Vale de Carvalho e algumas Quintas (Ponte da Pedrinha; Entroncamento e Chãos de Paiva) – 436 habitantes. Esta freguesia encontra-se separada do concelho de Castro Daire pelo rio Paiva, confrontando a norte com a freguesia de Reriz, com Alva, a sul, com Ribolhos, a nascente e com Pesos, a poente. Segundo a população com mais idade, o topónimo da freguesia resulta de, outrora, aí ter habitado uma família cujo chefe era conhecido como Conde Pepim.</p><p>Pepim fazia parte do antigo concelho de Alva que recebeu foral por D. Henrique confirmado por D. Afonso III. D. Manuel atribuiu foral novo a 10 de Fevereiro de 1514, fazendo desta terra igualmente concelho. Pepim construiu a sua própria igreja de Santa Maria em 1258, posteriormente designada Nossa Senhora da Conceição. Foi doada a João Roiz Borges em conjunto com algumas terras de Alva pelo D. Afonso I. No Século XVI, ficou a pertencer ao Bispo, passando depois para Roque Monteiro Paym, senhor de Alva, ficando em sucessão para os Condes de Alva. Foi edificada uma nova igreja, no século XVIII, talvez inspirada na região de Braga pelo facto da construção da torre ter sido feita na retaguarda do corpo da capela-mor.</p></div>
				</div>
				</div>
						</div>
					</div>
		</div>
								</div>
					</div>
		</section>
				<section class="elementor-section elementor-top-section elementor-element elementor-element-2df0387 elementor-section-boxed elementor-section-height-default elementor-section-height-default" data-id="2df0387" data-element_type="section">
						<div class="elementor-container elementor-column-gap-default">
							<div class="elementor-row">
					<div class="elementor-column elementor-col-100 elementor-top-column elementor-element elementor-element-b1f8dcf" data-id="b1f8dcf" data-element_type="column">
			<div class="elementor-column-wrap elementor-element-populated">
							<div class="elementor-widget-wrap">
						<div class="elementor-element elementor-element-e4fafef elementor-widget elementor-widget-google_maps" data-id="e4fafef" data-element_type="widget" data-widget_type="google_maps.default">
				<div class="elementor-widget-container">
			<div class="elementor-custom-embed"><iframe frameborder="0" scrolling="no" marginheight="0" marginwidth="0" src="https://maps.google.com/maps?q=FREGUESIA%20DE%20pepim&amp;t=m&amp;z=13&amp;output=embed&amp;iwloc=near" title="FREGUESIA DE pepim" aria-label="FREGUESIA DE pepim"></iframe></div>		</div>
				</div>
						</div>
					</div>
		</div>
								</div>
					</div>
		</section>
						</div>
						</div>
					</div>

<p>freguesia de Pepim Dista cerca de cinco quilómetros da sede do concelho e ocupa uma área de 1193,48 ha, estendendo-se pelas seguintes povoações: Pepim, Mosteiro, Outeiro, Vale de Carvalho e algumas Quintas (Ponte da Pedrinha; Entroncamento e Chãos de Paiva) – 436 habitantes. Esta freguesia encontra-se separada do concelho de Castro Daire pelo rio Paiva, [&hellip;]</p>
