{"id":20294,"date":"2020-05-29T09:54:36","date_gmt":"2020-05-29T08:54:36","guid":{"rendered":"https:\/\/www.servidormix.com\/montemuroepaiva\/?page_id=20294"},"modified":"2020-08-27T18:47:45","modified_gmt":"2020-08-27T17:47:45","slug":"uniao-das-freguesias-de-mamouros-alva-e-ribolhos","status":"publish","type":"page","link":"https:\/\/www.servidormix.com\/montemuroepaiva\/uniao-das-freguesias-de-mamouros-alva-e-ribolhos\/","title":{"rendered":"Uni\u00e3o das Freguesias de Mamouros, Alva e Ribolhos"},"content":{"rendered":"\t\t<div data-elementor-type=\"wp-page\" data-elementor-id=\"20294\" class=\"elementor elementor-20294\" data-elementor-settings=\"[]\">\n\t\t\t\t\t\t<div class=\"elementor-inner\">\n\t\t\t\t\t\t\t<div class=\"elementor-section-wrap\">\n\t\t\t\t\t\t\t<section class=\"elementor-section elementor-top-section elementor-element elementor-element-6bad5c5 elementor-section-stretched elementor-section-boxed elementor-section-height-default elementor-section-height-default\" data-id=\"6bad5c5\" data-element_type=\"section\" data-settings=\"{&quot;stretch_section&quot;:&quot;section-stretched&quot;,&quot;background_background&quot;:&quot;classic&quot;,&quot;background_motion_fx_motion_fx_scrolling&quot;:&quot;yes&quot;,&quot;background_motion_fx_translateY_effect&quot;:&quot;yes&quot;,&quot;background_motion_fx_translateY_speed&quot;:{&quot;unit&quot;:&quot;px&quot;,&quot;size&quot;:4,&quot;sizes&quot;:[]},&quot;background_motion_fx_translateY_affectedRange&quot;:{&quot;unit&quot;:&quot;%&quot;,&quot;size&quot;:&quot;&quot;,&quot;sizes&quot;:{&quot;start&quot;:0,&quot;end&quot;:100}},&quot;background_motion_fx_devices&quot;:[&quot;desktop&quot;,&quot;tablet&quot;,&quot;mobile&quot;]}\">\n\t\t\t\t\t\t\t<div class=\"elementor-background-overlay\"><\/div>\n\t\t\t\t\t\t\t<div class=\"elementor-container elementor-column-gap-default\">\n\t\t\t\t\t\t\t<div class=\"elementor-row\">\n\t\t\t\t\t<div class=\"elementor-column elementor-col-100 elementor-top-column elementor-element elementor-element-a5d794b\" data-id=\"a5d794b\" data-element_type=\"column\">\n\t\t\t<div class=\"elementor-column-wrap elementor-element-populated\">\n\t\t\t\t\t\t\t<div class=\"elementor-widget-wrap\">\n\t\t\t\t\t\t<div class=\"elementor-element elementor-element-855a684 elementor-widget elementor-widget-heading\" data-id=\"855a684\" data-element_type=\"widget\" data-widget_type=\"heading.default\">\n\t\t\t\t<div class=\"elementor-widget-container\">\n\t\t\t<h4 class=\"elementor-heading-title elementor-size-default\">uni\u00e3o das freguesias de<\/h4>\t\t<\/div>\n\t\t\t\t<\/div>\n\t\t\t\t<div class=\"elementor-element elementor-element-8c2ab08 elementor-widget elementor-widget-heading\" data-id=\"8c2ab08\" data-element_type=\"widget\" data-widget_type=\"heading.default\">\n\t\t\t\t<div class=\"elementor-widget-container\">\n\t\t\t<h2 class=\"elementor-heading-title elementor-size-default\"><b> Mamouros, Alva<br>\ne Ribolhos<\/b><\/h2>\t\t<\/div>\n\t\t\t\t<\/div>\n\t\t\t\t\t\t<\/div>\n\t\t\t\t\t<\/div>\n\t\t<\/div>\n\t\t\t\t\t\t\t\t<\/div>\n\t\t\t\t\t<\/div>\n\t\t<\/section>\n\t\t\t\t<section class=\"elementor-section elementor-top-section elementor-element elementor-element-09bf0a5 elementor-section-stretched elementor-section-content-top elementor-section-boxed elementor-section-height-default elementor-section-height-default elementor-invisible\" data-id=\"09bf0a5\" data-element_type=\"section\" data-settings=\"{&quot;stretch_section&quot;:&quot;section-stretched&quot;,&quot;background_background&quot;:&quot;classic&quot;,&quot;animation&quot;:&quot;fadeInUp&quot;}\">\n\t\t\t\t\t\t\t<div class=\"elementor-background-overlay\"><\/div>\n\t\t\t\t\t\t\t<div class=\"elementor-container elementor-column-gap-wider\">\n\t\t\t\t\t\t\t<div class=\"elementor-row\">\n\t\t\t\t\t<div class=\"elementor-column elementor-col-50 elementor-top-column elementor-element elementor-element-25af517\" data-id=\"25af517\" data-element_type=\"column\">\n\t\t\t<div class=\"elementor-column-wrap elementor-element-populated\">\n\t\t\t\t\t\t\t<div class=\"elementor-widget-wrap\">\n\t\t\t\t\t\t<div class=\"elementor-element elementor-element-58c51dd elementor-widget elementor-widget-image\" data-id=\"58c51dd\" data-element_type=\"widget\" data-widget_type=\"image.default\">\n\t\t\t\t<div class=\"elementor-widget-container\">\n\t\t\t\t\t<div class=\"elementor-image\">\n\t\t\t\t\t\t\t\t\t\t<img width=\"500\" height=\"375\" src=\"https:\/\/www.servidormix.com\/montemuroepaiva\/wp-content\/uploads\/2020\/05\/mamouros-alva-ribolhos.jpg\" class=\"attachment-large size-large\" alt=\"\" loading=\"lazy\" srcset=\"https:\/\/www.servidormix.com\/montemuroepaiva\/wp-content\/uploads\/2020\/05\/mamouros-alva-ribolhos.jpg 500w, https:\/\/www.servidormix.com\/montemuroepaiva\/wp-content\/uploads\/2020\/05\/mamouros-alva-ribolhos-300x225.jpg 300w, https:\/\/www.servidormix.com\/montemuroepaiva\/wp-content\/uploads\/2020\/05\/mamouros-alva-ribolhos-450x338.jpg 450w\" sizes=\"(max-width: 500px) 100vw, 500px\" \/>\t\t\t\t\t\t\t\t\t\t\t<\/div>\n\t\t\t\t<\/div>\n\t\t\t\t<\/div>\n\t\t\t\t\t\t<\/div>\n\t\t\t\t\t<\/div>\n\t\t<\/div>\n\t\t\t\t<div class=\"elementor-column elementor-col-50 elementor-top-column elementor-element elementor-element-166d7ea\" data-id=\"166d7ea\" data-element_type=\"column\">\n\t\t\t<div class=\"elementor-column-wrap elementor-element-populated\">\n\t\t\t\t\t\t\t<div class=\"elementor-widget-wrap\">\n\t\t\t\t\t\t<div class=\"elementor-element elementor-element-b819f3b elementor-widget elementor-widget-text-editor\" data-id=\"b819f3b\" data-element_type=\"widget\" data-widget_type=\"text-editor.default\">\n\t\t\t\t<div class=\"elementor-widget-container\">\n\t\t\t\t\t<div class=\"elementor-text-editor elementor-clearfix\"><p>A Uni\u00e3o das Freguesias foi constitu\u00edda em 2013, no \u00e2mbito da Reforma Administrativa Nacional pela agrega\u00e7\u00e3o das ent\u00e3o freguesias de Mamouros, Alva e Ribolhos. Em termos populacionais tem 1424 habitantes, e uma \u00e1rea de 2365,17ha.A sua sede localiza-se nas Termas do Carvalhal.<\/p>\n<p>Mamouros: Carvalhal, Casal, Mamouros, Mata Negra, Moinho-Velho, Ribolhinhos e Termas do Carvalhal.<br>Alva: Alva, Boa Vista, Carvalha de Alva, Corredoura, Estrada, Fundo Vila, Marinheira, Ponte, Serrinha e Souto.<br>Ribolhos: Cocha, Rebentina, Ribolhos, S. Domingos e Soalheira.<\/p>\n<p>Segundo dados hist\u00f3ricos da ent\u00e3o freguesia de Mamouros, no s\u00e9culo XVIII por volta do ano de 1758, o p\u00e1roco faz refer\u00eancia \u00e0s \u00e1guas das Termas do Carvalhal: \u201ch\u00e1 sim uma por\u00e7\u00e3o de \u00e1gua que sai de um mineral que a pobreza da terra faz ignorar a sua virtude\u201d. Na Idade-M\u00e9dia este territ\u00f3rio pertenceu ao julgado de Alva, que acabou por ser destru\u00eddo pelo liberalismo. Segundo uma carta de D. Pedro foi abadia do padroado real desde os tempos da coloniza\u00e7\u00e3o da regi\u00e3o serrana. Mais tarde a abadia passou para a Casa de Alva, donat\u00e1ria do concelho, seguindo, nos meados do s\u00e9culo XVIII, para a Condessa de Alva, D. Constan\u00e7a Monteiro Pain, depois sua irm\u00e3 D. Maria Ant\u00f3nia de S. Boaventura e Meneses Pain.<\/p>\n<p>Alva teve foral novo concedido por D. Manuel em 1514. Contudo, sabe-se que teve outro foral, anteriormente, pelo Conde D. Henrique e posteriormente confirmado por D. Afonso III. Desta forma, Alva j\u00e1 se encontrava formada e at\u00e9 teria uma import\u00e2ncia econ\u00f3mica anterior \u00e0 funda\u00e7\u00e3o da Nacionalidade Portuguesa. Alva era um pequeno concelho medieval que pagava os seus impostos de acordo com as terras que lavravam por cada jugo de bois. Desta forma, D. Manuel e o seu foral, no s\u00e9culo XVII, determinam que quem lavrasse com um jugo de bois deveria pagar seis quarteiros de pam meado, a saber: centeio e milho, quem lavrasse com uma vaca e um boi, um moyo e sesteiro, quem lavrasse com duas vacas, pagaria tr\u00eas quarteiros, quem tivesse apenas um animal e pedisse emprestado o outro tamb\u00e9m teriam de pagar a jugada; aqueles que lavrassem com bois alheios \u2013 pagariam segundo a quantidade de p\u00e3o. O foral atualiza as suas medidas usadas para o pagamento e prev\u00ea isen\u00e7\u00f5es para os \u00f3rf\u00e3os que herdassem terras incultas dos seus progenitores, penalizando aqueles que abandonassem as terras por desinteresse. O foral determina tamb\u00e9m a quantia a pagar pelo cultivo do vinho, cria\u00e7\u00e3o de porcos (retirando-se a banha para pagar parte dos impostos), pela cria\u00e7\u00e3o de galinhas e cultivo do linho.<\/p>\n<p>No tempo de D. Afonso III quem constru\u00edsse casa em Alva pagaria dois soldos. D. Manuel aumenta o imposto para dois reais e meio, contudo os lavradores dispunham de moutados e maninhos que usavam livremente, segundo estes sempre \u201cesteveram e se conthem em huma senten\u00e7a que sobre isso houveram em nossa Rella\u00e7om do Juiz\u2026\u201d. Em 1258, Alva j\u00e1 teria constru\u00eddo uma igreja na herdade do rei. O padroado pertencia ao povo porque, possivelmente, foi feita \u00e0s custas da popula\u00e7\u00e3o. Mais tarde tudo passou para o padroado real e D. Afonso V doou-a a Jo\u00e3o Roiz Borges juntamente com as igrejas de S. Miguel de Mamouros e Santa Maria de Pepim. De fam\u00edlia em fam\u00edlia estas terras foram pertencer a um Sousa de Santar\u00e9m enquanto o padroado permaneceu nos dom\u00ednios do Conde de Alva. O primitivo concelho de Alva, a quem pertencia as par\u00f3quias de Pepim e Mamouros, foi suprimido no s\u00e9culo XIX integrando-se no concelho de Castro Daire.<\/p>\n<p>Ribolhos remonta ao s\u00e9culo XII, s\u00e9culo XIII, encontrando-se economicamente institu\u00edda e embutida entre o couto de M\u00f5es, pertencente a D. Mo\u00e7o Viegas, filho de Egas Moniz, e o julgado de Alva, a nascente, e o de Castro Daire, a poente.<\/p>\n<p>O top\u00f3nimo Ribolhos surge nas Inquiri\u00e7\u00f5es de D. Afonso III, na vers\u00e3o latina, de Ripa Occulis e Ripa Oolios. Contudo, a forma mais antiga parece ser Ribollos \u2013 top\u00f3nimo de sentido topogr\u00e1fico. S\u00f3 depois de 1758 se d\u00e1 o fen\u00f3meno fon\u00e9tico \u2013 ll-lho, ficando Ribolhos, designa\u00e7\u00e3o atual.<\/p>\n<p>No s\u00e9culo XIII, todos os lugares pertenciam aos freires das Ordens do Hospital e do Templo. No entanto, em 1758 o p\u00e1roco afirma que todo o territ\u00f3rio da ent\u00e3o freguesia \u00e9 couto de Malta. A raz\u00e3o destas Ordens poderia advir de doa\u00e7\u00f5es particulares.<\/p>\n<p>Talvez Ribolhos fosse, antes, uma honra de senhores dos vizinhos coutos de M\u00f5es e Moledo, real\u00e7ando o facto que D. Mo\u00e7o Viegas, senhor destes coutos, esteve afei\u00e7oado \u00e0 Ordem do Templo, podendo assim ter doado haveres de Ribolhos. Ou ent\u00e3o, esta freguesia pertenceu ao julgado de Alva pelo facto da colheita r\u00e9gia ser feita concomitantemente, da qual saiu com o foro hospitalar. Ribolhos possu\u00eda v\u00e1rios bens de jugada desconhecendo-se grande parte dos seus testadores. No s\u00e9culo XVIII existia neste territ\u00f3rio duas capelas ou ermidas: a de Nossa Senhora da Vit\u00f3ria em Ribolhos e S. Domingos, fora da povoa\u00e7\u00e3o.<\/p>\n<p>O p\u00e1roco era abade da apresenta\u00e7\u00e3o da mitra visiense. Ainda no s\u00e9culo referido, Ribolhos funcionava como vila, concelho e couto de Malta. Os lugares de Cocha e Ribolhos contitu\u00edam esta freguesia.<\/p><\/div>\n\t\t\t\t<\/div>\n\t\t\t\t<\/div>\n\t\t\t\t\t\t<\/div>\n\t\t\t\t\t<\/div>\n\t\t<\/div>\n\t\t\t\t\t\t\t\t<\/div>\n\t\t\t\t\t<\/div>\n\t\t<\/section>\n\t\t\t\t<section class=\"elementor-section elementor-top-section elementor-element elementor-element-2df0387 elementor-section-boxed elementor-section-height-default elementor-section-height-default\" data-id=\"2df0387\" data-element_type=\"section\">\n\t\t\t\t\t\t<div class=\"elementor-container elementor-column-gap-default\">\n\t\t\t\t\t\t\t<div class=\"elementor-row\">\n\t\t\t\t\t<div class=\"elementor-column elementor-col-100 elementor-top-column elementor-element elementor-element-b1f8dcf\" data-id=\"b1f8dcf\" data-element_type=\"column\">\n\t\t\t<div class=\"elementor-column-wrap elementor-element-populated\">\n\t\t\t\t\t\t\t<div class=\"elementor-widget-wrap\">\n\t\t\t\t\t\t<div class=\"elementor-element elementor-element-e4fafef elementor-widget elementor-widget-google_maps\" data-id=\"e4fafef\" data-element_type=\"widget\" data-widget_type=\"google_maps.default\">\n\t\t\t\t<div class=\"elementor-widget-container\">\n\t\t\t<div class=\"elementor-custom-embed\"><iframe frameborder=\"0\" scrolling=\"no\" marginheight=\"0\" marginwidth=\"0\" src=\"https:\/\/maps.google.com\/maps?q=UNI%C3%83O%20DAS%20FREGUESIAS%20DE%20MAMOUROS%2C%20ALVA%20E%20RIBOLHOS&amp;t=m&amp;z=13&amp;output=embed&amp;iwloc=near\" title=\"UNI\u00c3O DAS FREGUESIAS DE MAMOUROS, ALVA E RIBOLHOS\" aria-label=\"UNI\u00c3O DAS FREGUESIAS DE MAMOUROS, ALVA E RIBOLHOS\"><\/iframe><\/div>\t\t<\/div>\n\t\t\t\t<\/div>\n\t\t\t\t\t\t<\/div>\n\t\t\t\t\t<\/div>\n\t\t<\/div>\n\t\t\t\t\t\t\t\t<\/div>\n\t\t\t\t\t<\/div>\n\t\t<\/section>\n\t\t\t\t\t\t<\/div>\n\t\t\t\t\t\t<\/div>\n\t\t\t\t\t<\/div>\n\t\t","protected":false},"excerpt":{"rendered":"<p>uni\u00e3o das freguesias de Mamouros, Alva e Ribolhos A Uni\u00e3o das Freguesias foi constitu\u00edda em 2013, no \u00e2mbito da Reforma Administrativa Nacional pela agrega\u00e7\u00e3o das ent\u00e3o freguesias de Mamouros, Alva e Ribolhos. Em termos populacionais tem 1424 habitantes, e uma \u00e1rea de 2365,17ha.A sua sede localiza-se nas Termas do Carvalhal. Mamouros: Carvalhal, Casal, Mamouros, Mata [&hellip;]<\/p>\n","protected":false},"author":1,"featured_media":0,"parent":0,"menu_order":0,"comment_status":"closed","ping_status":"closed","template":"","meta":[],"_links":{"self":[{"href":"https:\/\/www.servidormix.com\/montemuroepaiva\/wp-json\/wp\/v2\/pages\/20294"}],"collection":[{"href":"https:\/\/www.servidormix.com\/montemuroepaiva\/wp-json\/wp\/v2\/pages"}],"about":[{"href":"https:\/\/www.servidormix.com\/montemuroepaiva\/wp-json\/wp\/v2\/types\/page"}],"author":[{"embeddable":true,"href":"https:\/\/www.servidormix.com\/montemuroepaiva\/wp-json\/wp\/v2\/users\/1"}],"replies":[{"embeddable":true,"href":"https:\/\/www.servidormix.com\/montemuroepaiva\/wp-json\/wp\/v2\/comments?post=20294"}],"version-history":[{"count":7,"href":"https:\/\/www.servidormix.com\/montemuroepaiva\/wp-json\/wp\/v2\/pages\/20294\/revisions"}],"predecessor-version":[{"id":23232,"href":"https:\/\/www.servidormix.com\/montemuroepaiva\/wp-json\/wp\/v2\/pages\/20294\/revisions\/23232"}],"wp:attachment":[{"href":"https:\/\/www.servidormix.com\/montemuroepaiva\/wp-json\/wp\/v2\/media?parent=20294"}],"curies":[{"name":"wp","href":"https:\/\/api.w.org\/{rel}","templated":true}]}}