{"id":20309,"date":"2020-05-29T10:12:18","date_gmt":"2020-05-29T09:12:18","guid":{"rendered":"https:\/\/www.servidormix.com\/montemuroepaiva\/?page_id=20309"},"modified":"2021-02-26T13:29:30","modified_gmt":"2021-02-26T13:29:30","slug":"freguesia-de-moledo","status":"publish","type":"page","link":"https:\/\/www.servidormix.com\/montemuroepaiva\/freguesia-de-moledo\/","title":{"rendered":"Freguesia de Moledo"},"content":{"rendered":"\t\t<div data-elementor-type=\"wp-page\" data-elementor-id=\"20309\" class=\"elementor elementor-20309\" data-elementor-settings=\"[]\">\n\t\t\t\t\t\t<div class=\"elementor-inner\">\n\t\t\t\t\t\t\t<div class=\"elementor-section-wrap\">\n\t\t\t\t\t\t\t<section class=\"elementor-section elementor-top-section elementor-element elementor-element-6bad5c5 elementor-section-stretched elementor-section-boxed elementor-section-height-default elementor-section-height-default\" data-id=\"6bad5c5\" data-element_type=\"section\" data-settings=\"{&quot;stretch_section&quot;:&quot;section-stretched&quot;,&quot;background_background&quot;:&quot;classic&quot;,&quot;background_motion_fx_motion_fx_scrolling&quot;:&quot;yes&quot;,&quot;background_motion_fx_translateY_effect&quot;:&quot;yes&quot;,&quot;background_motion_fx_translateY_speed&quot;:{&quot;unit&quot;:&quot;px&quot;,&quot;size&quot;:4,&quot;sizes&quot;:[]},&quot;background_motion_fx_translateY_affectedRange&quot;:{&quot;unit&quot;:&quot;%&quot;,&quot;size&quot;:&quot;&quot;,&quot;sizes&quot;:{&quot;start&quot;:0,&quot;end&quot;:100}},&quot;background_motion_fx_devices&quot;:[&quot;desktop&quot;,&quot;tablet&quot;,&quot;mobile&quot;]}\">\n\t\t\t\t\t\t\t<div class=\"elementor-background-overlay\"><\/div>\n\t\t\t\t\t\t\t<div class=\"elementor-container elementor-column-gap-default\">\n\t\t\t\t\t\t\t<div class=\"elementor-row\">\n\t\t\t\t\t<div class=\"elementor-column elementor-col-100 elementor-top-column elementor-element elementor-element-a5d794b\" data-id=\"a5d794b\" data-element_type=\"column\">\n\t\t\t<div class=\"elementor-column-wrap elementor-element-populated\">\n\t\t\t\t\t\t\t<div class=\"elementor-widget-wrap\">\n\t\t\t\t\t\t<div class=\"elementor-element elementor-element-855a684 elementor-widget elementor-widget-heading\" data-id=\"855a684\" data-element_type=\"widget\" data-widget_type=\"heading.default\">\n\t\t\t\t<div class=\"elementor-widget-container\">\n\t\t\t<h4 class=\"elementor-heading-title elementor-size-default\">freguesia de<\/h4>\t\t<\/div>\n\t\t\t\t<\/div>\n\t\t\t\t<div class=\"elementor-element elementor-element-8c2ab08 elementor-widget elementor-widget-heading\" data-id=\"8c2ab08\" data-element_type=\"widget\" data-widget_type=\"heading.default\">\n\t\t\t\t<div class=\"elementor-widget-container\">\n\t\t\t<h2 class=\"elementor-heading-title elementor-size-default\"><b>Moledo<\/b><br><\/h2>\t\t<\/div>\n\t\t\t\t<\/div>\n\t\t\t\t\t\t<\/div>\n\t\t\t\t\t<\/div>\n\t\t<\/div>\n\t\t\t\t\t\t\t\t<\/div>\n\t\t\t\t\t<\/div>\n\t\t<\/section>\n\t\t\t\t<section class=\"elementor-section elementor-top-section elementor-element elementor-element-09bf0a5 elementor-section-stretched elementor-section-content-top elementor-section-boxed elementor-section-height-default elementor-section-height-default elementor-invisible\" data-id=\"09bf0a5\" data-element_type=\"section\" data-settings=\"{&quot;stretch_section&quot;:&quot;section-stretched&quot;,&quot;background_background&quot;:&quot;classic&quot;,&quot;animation&quot;:&quot;fadeInUp&quot;}\">\n\t\t\t\t\t\t\t<div class=\"elementor-background-overlay\"><\/div>\n\t\t\t\t\t\t\t<div class=\"elementor-container elementor-column-gap-wider\">\n\t\t\t\t\t\t\t<div class=\"elementor-row\">\n\t\t\t\t\t<div class=\"elementor-column elementor-col-50 elementor-top-column elementor-element elementor-element-25af517\" data-id=\"25af517\" data-element_type=\"column\">\n\t\t\t<div class=\"elementor-column-wrap elementor-element-populated\">\n\t\t\t\t\t\t\t<div class=\"elementor-widget-wrap\">\n\t\t\t\t\t\t<div class=\"elementor-element elementor-element-58c51dd elementor-widget elementor-widget-image\" data-id=\"58c51dd\" data-element_type=\"widget\" data-widget_type=\"image.default\">\n\t\t\t\t<div class=\"elementor-widget-container\">\n\t\t\t\t\t<div class=\"elementor-image\">\n\t\t\t\t\t\t\t\t\t\t<img width=\"1024\" height=\"681\" src=\"https:\/\/www.servidormix.com\/montemuroepaiva\/wp-content\/uploads\/2021\/02\/Igreja-de-Moledo.jpg\" class=\"attachment-large size-large\" alt=\"\" loading=\"lazy\" srcset=\"https:\/\/www.servidormix.com\/montemuroepaiva\/wp-content\/uploads\/2021\/02\/Igreja-de-Moledo.jpg 1024w, https:\/\/www.servidormix.com\/montemuroepaiva\/wp-content\/uploads\/2021\/02\/Igreja-de-Moledo-300x200.jpg 300w, https:\/\/www.servidormix.com\/montemuroepaiva\/wp-content\/uploads\/2021\/02\/Igreja-de-Moledo-768x511.jpg 768w, https:\/\/www.servidormix.com\/montemuroepaiva\/wp-content\/uploads\/2021\/02\/Igreja-de-Moledo-391x260.jpg 391w, https:\/\/www.servidormix.com\/montemuroepaiva\/wp-content\/uploads\/2021\/02\/Igreja-de-Moledo-450x299.jpg 450w, https:\/\/www.servidormix.com\/montemuroepaiva\/wp-content\/uploads\/2021\/02\/Igreja-de-Moledo-600x399.jpg 600w\" sizes=\"(max-width: 1024px) 100vw, 1024px\" \/>\t\t\t\t\t\t\t\t\t\t\t<\/div>\n\t\t\t\t<\/div>\n\t\t\t\t<\/div>\n\t\t\t\t\t\t<\/div>\n\t\t\t\t\t<\/div>\n\t\t<\/div>\n\t\t\t\t<div class=\"elementor-column elementor-col-50 elementor-top-column elementor-element elementor-element-166d7ea\" data-id=\"166d7ea\" data-element_type=\"column\">\n\t\t\t<div class=\"elementor-column-wrap elementor-element-populated\">\n\t\t\t\t\t\t\t<div class=\"elementor-widget-wrap\">\n\t\t\t\t\t\t<div class=\"elementor-element elementor-element-b819f3b elementor-widget elementor-widget-text-editor\" data-id=\"b819f3b\" data-element_type=\"widget\" data-widget_type=\"text-editor.default\">\n\t\t\t\t<div class=\"elementor-widget-container\">\n\t\t\t\t\t<div class=\"elementor-text-editor elementor-clearfix\"><p>Fica situado num vale entre as serras de S. Louren\u00e7o e S. Salvador, a cerca de 18 quil\u00f3metros da vila de Castro Daire, nos limites dos concelhos de S. Pedro do Sul e Viseu, estendendo-se por uma \u00e1rea de 4 578,01 ha, abrangendo as povoa\u00e7\u00f5es de: Adenodeiro, \u00c1gua de Alte, Balteiro, Casais do Monte, Cela, Coura, Covelo de Paiva, Lamas, Moita, Moledo, Nogueira, e Vila Me\u00e3 \u2013 ao todo 1314 habitantes.<br \/><br \/>No que concerne \u00e0s origens de Moledo, pode-se afirmar que remontam ao per\u00edodo da ocupa\u00e7\u00e3o romana na Pen\u00ednsula Ib\u00e9rica, a comprovar existem in\u00fameros vest\u00edgios como os Castros de Maga e S\u00e3o Louren\u00e7o. D. Mo\u00e7o Viegas e D. Urraca Viegas, filhos de Egas Moniz, foram donos destas terras que herdaram do seu pai a honra de M\u00f5es e Moledo. Por sua vez, D. Urraca doou a sua parte \u00e0 filha de D. Sancho I, D. Mafalda, esta deixou as honras em testamento para o Mosteiro de Arouca. Os seguintes senhorios fizeram grandes legados a outros mosteiros, como C\u00e1rquere, Ermida e Entre-os-Rios. Posteriormente, a S\u00e9 de Viseu e a Ordem do Hospital obtiveram terras nesta regi\u00e3o.<\/p><p>No reinado de D. Dinis as honras couberam a seu filho D. Pedro que \u00e0 sua morte abdicou parte das suas terras ao Convento de Santo Tirso. At\u00e9 1855, Moledo pertencia ao antigo concelho de M\u00f5es que ap\u00f3s a sua extin\u00e7\u00e3o passou a integrar o concelho de Castro Daire. Destaca-se na povoa\u00e7\u00e3o de Lamas uma pedra (ex-votiva), classificada como im\u00f3vel de interesse p\u00fablico, onde se encontra uma inscri\u00e7\u00e3o romana &#8211; indubitavelmente este territ\u00f3rio foi, em tempos, ocupado pela presen\u00e7a romana.<\/p><\/div>\n\t\t\t\t<\/div>\n\t\t\t\t<\/div>\n\t\t\t\t\t\t<\/div>\n\t\t\t\t\t<\/div>\n\t\t<\/div>\n\t\t\t\t\t\t\t\t<\/div>\n\t\t\t\t\t<\/div>\n\t\t<\/section>\n\t\t\t\t<section class=\"elementor-section elementor-top-section elementor-element elementor-element-2df0387 elementor-section-boxed elementor-section-height-default elementor-section-height-default\" data-id=\"2df0387\" data-element_type=\"section\">\n\t\t\t\t\t\t<div class=\"elementor-container elementor-column-gap-default\">\n\t\t\t\t\t\t\t<div class=\"elementor-row\">\n\t\t\t\t\t<div class=\"elementor-column elementor-col-100 elementor-top-column elementor-element elementor-element-b1f8dcf\" data-id=\"b1f8dcf\" data-element_type=\"column\">\n\t\t\t<div class=\"elementor-column-wrap elementor-element-populated\">\n\t\t\t\t\t\t\t<div class=\"elementor-widget-wrap\">\n\t\t\t\t\t\t<div class=\"elementor-element elementor-element-e4fafef elementor-widget elementor-widget-google_maps\" data-id=\"e4fafef\" data-element_type=\"widget\" data-widget_type=\"google_maps.default\">\n\t\t\t\t<div class=\"elementor-widget-container\">\n\t\t\t<div class=\"elementor-custom-embed\"><iframe frameborder=\"0\" scrolling=\"no\" marginheight=\"0\" marginwidth=\"0\" src=\"https:\/\/maps.google.com\/maps?q=3600-460%20Moledo%2C%20Junta%20de%20Freguesia%20de%20Moledo&amp;t=m&amp;z=13&amp;output=embed&amp;iwloc=near\" title=\"3600-460 Moledo, Junta de Freguesia de Moledo\" aria-label=\"3600-460 Moledo, Junta de Freguesia de Moledo\"><\/iframe><\/div>\t\t<\/div>\n\t\t\t\t<\/div>\n\t\t\t\t\t\t<\/div>\n\t\t\t\t\t<\/div>\n\t\t<\/div>\n\t\t\t\t\t\t\t\t<\/div>\n\t\t\t\t\t<\/div>\n\t\t<\/section>\n\t\t\t\t\t\t<\/div>\n\t\t\t\t\t\t<\/div>\n\t\t\t\t\t<\/div>\n\t\t","protected":false},"excerpt":{"rendered":"<p>freguesia de Moledo Fica situado num vale entre as serras de S. Louren\u00e7o e S. Salvador, a cerca de 18 quil\u00f3metros da vila de Castro Daire, nos limites dos concelhos de S. Pedro do Sul e Viseu, estendendo-se por uma \u00e1rea de 4 578,01 ha, abrangendo as povoa\u00e7\u00f5es de: Adenodeiro, \u00c1gua de Alte, Balteiro, Casais [&hellip;]<\/p>\n","protected":false},"author":1,"featured_media":20225,"parent":0,"menu_order":0,"comment_status":"closed","ping_status":"closed","template":"","meta":[],"_links":{"self":[{"href":"https:\/\/www.servidormix.com\/montemuroepaiva\/wp-json\/wp\/v2\/pages\/20309"}],"collection":[{"href":"https:\/\/www.servidormix.com\/montemuroepaiva\/wp-json\/wp\/v2\/pages"}],"about":[{"href":"https:\/\/www.servidormix.com\/montemuroepaiva\/wp-json\/wp\/v2\/types\/page"}],"author":[{"embeddable":true,"href":"https:\/\/www.servidormix.com\/montemuroepaiva\/wp-json\/wp\/v2\/users\/1"}],"replies":[{"embeddable":true,"href":"https:\/\/www.servidormix.com\/montemuroepaiva\/wp-json\/wp\/v2\/comments?post=20309"}],"version-history":[{"count":14,"href":"https:\/\/www.servidormix.com\/montemuroepaiva\/wp-json\/wp\/v2\/pages\/20309\/revisions"}],"predecessor-version":[{"id":24666,"href":"https:\/\/www.servidormix.com\/montemuroepaiva\/wp-json\/wp\/v2\/pages\/20309\/revisions\/24666"}],"wp:featuredmedia":[{"embeddable":true,"href":"https:\/\/www.servidormix.com\/montemuroepaiva\/wp-json\/wp\/v2\/media\/20225"}],"wp:attachment":[{"href":"https:\/\/www.servidormix.com\/montemuroepaiva\/wp-json\/wp\/v2\/media?parent=20309"}],"curies":[{"name":"wp","href":"https:\/\/api.w.org\/{rel}","templated":true}]}}

<div data-elementor-type="wp-page" data-elementor-id="20309" class="elementor elementor-20309" data-elementor-settings="[]">
						<div class="elementor-inner">
							<div class="elementor-section-wrap">
							<section class="elementor-section elementor-top-section elementor-element elementor-element-6bad5c5 elementor-section-stretched elementor-section-boxed elementor-section-height-default elementor-section-height-default" data-id="6bad5c5" data-element_type="section" data-settings="{&quot;stretch_section&quot;:&quot;section-stretched&quot;,&quot;background_background&quot;:&quot;classic&quot;,&quot;background_motion_fx_motion_fx_scrolling&quot;:&quot;yes&quot;,&quot;background_motion_fx_translateY_effect&quot;:&quot;yes&quot;,&quot;background_motion_fx_translateY_speed&quot;:{&quot;unit&quot;:&quot;px&quot;,&quot;size&quot;:4,&quot;sizes&quot;:[]},&quot;background_motion_fx_translateY_affectedRange&quot;:{&quot;unit&quot;:&quot;%&quot;,&quot;size&quot;:&quot;&quot;,&quot;sizes&quot;:{&quot;start&quot;:0,&quot;end&quot;:100}},&quot;background_motion_fx_devices&quot;:[&quot;desktop&quot;,&quot;tablet&quot;,&quot;mobile&quot;]}">
							<div class="elementor-background-overlay"></div>
							<div class="elementor-container elementor-column-gap-default">
							<div class="elementor-row">
					<div class="elementor-column elementor-col-100 elementor-top-column elementor-element elementor-element-a5d794b" data-id="a5d794b" data-element_type="column">
			<div class="elementor-column-wrap elementor-element-populated">
							<div class="elementor-widget-wrap">
						<div class="elementor-element elementor-element-855a684 elementor-widget elementor-widget-heading" data-id="855a684" data-element_type="widget" data-widget_type="heading.default">
				<div class="elementor-widget-container">
			<h4 class="elementor-heading-title elementor-size-default">freguesia de</h4>		</div>
				</div>
				<div class="elementor-element elementor-element-8c2ab08 elementor-widget elementor-widget-heading" data-id="8c2ab08" data-element_type="widget" data-widget_type="heading.default">
				<div class="elementor-widget-container">
			<h2 class="elementor-heading-title elementor-size-default"><b>Moledo</b><br></h2>		</div>
				</div>
						</div>
					</div>
		</div>
								</div>
					</div>
		</section>
				<section class="elementor-section elementor-top-section elementor-element elementor-element-09bf0a5 elementor-section-stretched elementor-section-content-top elementor-section-boxed elementor-section-height-default elementor-section-height-default elementor-invisible" data-id="09bf0a5" data-element_type="section" data-settings="{&quot;stretch_section&quot;:&quot;section-stretched&quot;,&quot;background_background&quot;:&quot;classic&quot;,&quot;animation&quot;:&quot;fadeInUp&quot;}">
							<div class="elementor-background-overlay"></div>
							<div class="elementor-container elementor-column-gap-wider">
							<div class="elementor-row">
					<div class="elementor-column elementor-col-50 elementor-top-column elementor-element elementor-element-25af517" data-id="25af517" data-element_type="column">
			<div class="elementor-column-wrap elementor-element-populated">
							<div class="elementor-widget-wrap">
						<div class="elementor-element elementor-element-58c51dd elementor-widget elementor-widget-image" data-id="58c51dd" data-element_type="widget" data-widget_type="image.default">
				<div class="elementor-widget-container">
					<div class="elementor-image">
										<img width="1024" height="681" src="https://www.servidormix.com/montemuroepaiva/wp-content/uploads/2021/02/Igreja-de-Moledo.jpg" class="attachment-large size-large" alt="" loading="lazy" srcset="https://www.servidormix.com/montemuroepaiva/wp-content/uploads/2021/02/Igreja-de-Moledo.jpg 1024w, https://www.servidormix.com/montemuroepaiva/wp-content/uploads/2021/02/Igreja-de-Moledo-300x200.jpg 300w, https://www.servidormix.com/montemuroepaiva/wp-content/uploads/2021/02/Igreja-de-Moledo-768x511.jpg 768w, https://www.servidormix.com/montemuroepaiva/wp-content/uploads/2021/02/Igreja-de-Moledo-391x260.jpg 391w, https://www.servidormix.com/montemuroepaiva/wp-content/uploads/2021/02/Igreja-de-Moledo-450x299.jpg 450w, https://www.servidormix.com/montemuroepaiva/wp-content/uploads/2021/02/Igreja-de-Moledo-600x399.jpg 600w" sizes="(max-width: 1024px) 100vw, 1024px" />											</div>
				</div>
				</div>
						</div>
					</div>
		</div>
				<div class="elementor-column elementor-col-50 elementor-top-column elementor-element elementor-element-166d7ea" data-id="166d7ea" data-element_type="column">
			<div class="elementor-column-wrap elementor-element-populated">
							<div class="elementor-widget-wrap">
						<div class="elementor-element elementor-element-b819f3b elementor-widget elementor-widget-text-editor" data-id="b819f3b" data-element_type="widget" data-widget_type="text-editor.default">
				<div class="elementor-widget-container">
					<div class="elementor-text-editor elementor-clearfix"><p>Fica situado num vale entre as serras de S. Lourenço e S. Salvador, a cerca de 18 quilómetros da vila de Castro Daire, nos limites dos concelhos de S. Pedro do Sul e Viseu, estendendo-se por uma área de 4 578,01 ha, abrangendo as povoações de: Adenodeiro, Água de Alte, Balteiro, Casais do Monte, Cela, Coura, Covelo de Paiva, Lamas, Moita, Moledo, Nogueira, e Vila Meã – ao todo 1314 habitantes.<br /><br />No que concerne às origens de Moledo, pode-se afirmar que remontam ao período da ocupação romana na Península Ibérica, a comprovar existem inúmeros vestígios como os Castros de Maga e São Lourenço. D. Moço Viegas e D. Urraca Viegas, filhos de Egas Moniz, foram donos destas terras que herdaram do seu pai a honra de Mões e Moledo. Por sua vez, D. Urraca doou a sua parte à filha de D. Sancho I, D. Mafalda, esta deixou as honras em testamento para o Mosteiro de Arouca. Os seguintes senhorios fizeram grandes legados a outros mosteiros, como Cárquere, Ermida e Entre-os-Rios. Posteriormente, a Sé de Viseu e a Ordem do Hospital obtiveram terras nesta região.</p><p>No reinado de D. Dinis as honras couberam a seu filho D. Pedro que à sua morte abdicou parte das suas terras ao Convento de Santo Tirso. Até 1855, Moledo pertencia ao antigo concelho de Mões que após a sua extinção passou a integrar o concelho de Castro Daire. Destaca-se na povoação de Lamas uma pedra (ex-votiva), classificada como imóvel de interesse público, onde se encontra uma inscrição romana &#8211; indubitavelmente este território foi, em tempos, ocupado pela presença romana.</p></div>
				</div>
				</div>
						</div>
					</div>
		</div>
								</div>
					</div>
		</section>
				<section class="elementor-section elementor-top-section elementor-element elementor-element-2df0387 elementor-section-boxed elementor-section-height-default elementor-section-height-default" data-id="2df0387" data-element_type="section">
						<div class="elementor-container elementor-column-gap-default">
							<div class="elementor-row">
					<div class="elementor-column elementor-col-100 elementor-top-column elementor-element elementor-element-b1f8dcf" data-id="b1f8dcf" data-element_type="column">
			<div class="elementor-column-wrap elementor-element-populated">
							<div class="elementor-widget-wrap">
						<div class="elementor-element elementor-element-e4fafef elementor-widget elementor-widget-google_maps" data-id="e4fafef" data-element_type="widget" data-widget_type="google_maps.default">
				<div class="elementor-widget-container">
			<div class="elementor-custom-embed"><iframe frameborder="0" scrolling="no" marginheight="0" marginwidth="0" src="https://maps.google.com/maps?q=3600-460%20Moledo%2C%20Junta%20de%20Freguesia%20de%20Moledo&amp;t=m&amp;z=13&amp;output=embed&amp;iwloc=near" title="3600-460 Moledo, Junta de Freguesia de Moledo" aria-label="3600-460 Moledo, Junta de Freguesia de Moledo"></iframe></div>		</div>
				</div>
						</div>
					</div>
		</div>
								</div>
					</div>
		</section>
						</div>
						</div>
					</div>

<p>freguesia de Moledo Fica situado num vale entre as serras de S. Lourenço e S. Salvador, a cerca de 18 quilómetros da vila de Castro Daire, nos limites dos concelhos de S. Pedro do Sul e Viseu, estendendo-se por uma área de 4 578,01 ha, abrangendo as povoações de: Adenodeiro, Água de Alte, Balteiro, Casais [&hellip;]</p>
