{"id":20314,"date":"2020-05-29T10:15:36","date_gmt":"2020-05-29T09:15:36","guid":{"rendered":"https:\/\/www.servidormix.com\/montemuroepaiva\/?page_id=20314"},"modified":"2021-02-24T14:15:28","modified_gmt":"2021-02-24T14:15:28","slug":"freguesia-de-moes","status":"publish","type":"page","link":"https:\/\/www.servidormix.com\/montemuroepaiva\/freguesia-de-moes\/","title":{"rendered":"Freguesia de M\u00f5es"},"content":{"rendered":"\t\t<div data-elementor-type=\"wp-page\" data-elementor-id=\"20314\" class=\"elementor elementor-20314\" data-elementor-settings=\"[]\">\n\t\t\t\t\t\t<div class=\"elementor-inner\">\n\t\t\t\t\t\t\t<div class=\"elementor-section-wrap\">\n\t\t\t\t\t\t\t<section class=\"elementor-section elementor-top-section elementor-element elementor-element-6bad5c5 elementor-section-stretched elementor-section-boxed elementor-section-height-default elementor-section-height-default\" data-id=\"6bad5c5\" data-element_type=\"section\" data-settings=\"{&quot;stretch_section&quot;:&quot;section-stretched&quot;,&quot;background_background&quot;:&quot;classic&quot;,&quot;background_motion_fx_motion_fx_scrolling&quot;:&quot;yes&quot;,&quot;background_motion_fx_translateY_effect&quot;:&quot;yes&quot;,&quot;background_motion_fx_translateY_speed&quot;:{&quot;unit&quot;:&quot;px&quot;,&quot;size&quot;:4,&quot;sizes&quot;:[]},&quot;background_motion_fx_translateY_affectedRange&quot;:{&quot;unit&quot;:&quot;%&quot;,&quot;size&quot;:&quot;&quot;,&quot;sizes&quot;:{&quot;start&quot;:0,&quot;end&quot;:100}},&quot;background_motion_fx_devices&quot;:[&quot;desktop&quot;,&quot;tablet&quot;,&quot;mobile&quot;]}\">\n\t\t\t\t\t\t\t<div class=\"elementor-background-overlay\"><\/div>\n\t\t\t\t\t\t\t<div class=\"elementor-container elementor-column-gap-default\">\n\t\t\t\t\t\t\t<div class=\"elementor-row\">\n\t\t\t\t\t<div class=\"elementor-column elementor-col-100 elementor-top-column elementor-element elementor-element-a5d794b\" data-id=\"a5d794b\" data-element_type=\"column\">\n\t\t\t<div class=\"elementor-column-wrap elementor-element-populated\">\n\t\t\t\t\t\t\t<div class=\"elementor-widget-wrap\">\n\t\t\t\t\t\t<div class=\"elementor-element elementor-element-855a684 elementor-widget elementor-widget-heading\" data-id=\"855a684\" data-element_type=\"widget\" data-widget_type=\"heading.default\">\n\t\t\t\t<div class=\"elementor-widget-container\">\n\t\t\t<h4 class=\"elementor-heading-title elementor-size-default\">freguesia de<\/h4>\t\t<\/div>\n\t\t\t\t<\/div>\n\t\t\t\t<div class=\"elementor-element elementor-element-8c2ab08 elementor-widget elementor-widget-heading\" data-id=\"8c2ab08\" data-element_type=\"widget\" data-widget_type=\"heading.default\">\n\t\t\t\t<div class=\"elementor-widget-container\">\n\t\t\t<h2 class=\"elementor-heading-title elementor-size-default\"><b>M\u00f5es<\/b><br><\/h2>\t\t<\/div>\n\t\t\t\t<\/div>\n\t\t\t\t\t\t<\/div>\n\t\t\t\t\t<\/div>\n\t\t<\/div>\n\t\t\t\t\t\t\t\t<\/div>\n\t\t\t\t\t<\/div>\n\t\t<\/section>\n\t\t\t\t<section class=\"elementor-section elementor-top-section elementor-element elementor-element-09bf0a5 elementor-section-stretched elementor-section-content-top elementor-section-boxed elementor-section-height-default elementor-section-height-default elementor-invisible\" data-id=\"09bf0a5\" data-element_type=\"section\" data-settings=\"{&quot;stretch_section&quot;:&quot;section-stretched&quot;,&quot;background_background&quot;:&quot;classic&quot;,&quot;animation&quot;:&quot;fadeInUp&quot;}\">\n\t\t\t\t\t\t\t<div class=\"elementor-background-overlay\"><\/div>\n\t\t\t\t\t\t\t<div class=\"elementor-container elementor-column-gap-wider\">\n\t\t\t\t\t\t\t<div class=\"elementor-row\">\n\t\t\t\t\t<div class=\"elementor-column elementor-col-50 elementor-top-column elementor-element elementor-element-25af517\" data-id=\"25af517\" data-element_type=\"column\">\n\t\t\t<div class=\"elementor-column-wrap elementor-element-populated\">\n\t\t\t\t\t\t\t<div class=\"elementor-widget-wrap\">\n\t\t\t\t\t\t<div class=\"elementor-element elementor-element-58c51dd elementor-widget elementor-widget-image\" data-id=\"58c51dd\" data-element_type=\"widget\" data-widget_type=\"image.default\">\n\t\t\t\t<div class=\"elementor-widget-container\">\n\t\t\t\t\t<div class=\"elementor-image\">\n\t\t\t\t\t\t\t\t\t\t<img width=\"500\" height=\"667\" src=\"https:\/\/www.servidormix.com\/montemuroepaiva\/wp-content\/uploads\/2020\/05\/moes.jpg\" class=\"attachment-large size-large\" alt=\"\" loading=\"lazy\" srcset=\"https:\/\/www.servidormix.com\/montemuroepaiva\/wp-content\/uploads\/2020\/05\/moes.jpg 500w, https:\/\/www.servidormix.com\/montemuroepaiva\/wp-content\/uploads\/2020\/05\/moes-225x300.jpg 225w, https:\/\/www.servidormix.com\/montemuroepaiva\/wp-content\/uploads\/2020\/05\/moes-450x600.jpg 450w\" sizes=\"(max-width: 500px) 100vw, 500px\" \/>\t\t\t\t\t\t\t\t\t\t\t<\/div>\n\t\t\t\t<\/div>\n\t\t\t\t<\/div>\n\t\t\t\t\t\t<\/div>\n\t\t\t\t\t<\/div>\n\t\t<\/div>\n\t\t\t\t<div class=\"elementor-column elementor-col-50 elementor-top-column elementor-element elementor-element-166d7ea\" data-id=\"166d7ea\" data-element_type=\"column\">\n\t\t\t<div class=\"elementor-column-wrap elementor-element-populated\">\n\t\t\t\t\t\t\t<div class=\"elementor-widget-wrap\">\n\t\t\t\t\t\t<div class=\"elementor-element elementor-element-b819f3b elementor-widget elementor-widget-text-editor\" data-id=\"b819f3b\" data-element_type=\"widget\" data-widget_type=\"text-editor.default\">\n\t\t\t\t<div class=\"elementor-widget-container\">\n\t\t\t\t\t<div class=\"elementor-text-editor elementor-clearfix\"><p>A atual vila e freguesia de M\u00f5es possui uma \u00e1rea de cerca de 4 536,34 hectares, e fica a uma dist\u00e2ncia de dez quil\u00f3metros da sede de concelho. \u00c9 formada pelas aldeias de Arcas, Canado, Casais de D. In\u00eas, Code\u00e7ais, Courinha, Granja, Grij\u00f3, Malhada, Portela, Raba\u00e7osa, Soutelo, Vila Boa e Vila Franca \u2013 2109 habitantes. H\u00e1 uma incerteza em rela\u00e7\u00e3o a quando e quais os povos que habitaram primeiramente esta regi\u00e3o, no entanto tem-se conhecimento da perman\u00eancia de comunidades da Idade dos Metais devido ao facto de se ter encontrado na povoa\u00e7\u00e3o de Vila Boa um molde de machado de duplo anel e ainda das ru\u00ednas amuralhadas existentes no monte de S. Louren\u00e7o.<\/p>\n<p>Encontraram-se, tamb\u00e9m, v\u00e1rias inscri\u00e7\u00f5es e moedas romanas provando, assim, a presen\u00e7a deste povo. A coloniza\u00e7\u00e3o proto-hist\u00f3rica, romana e germ\u00e2nica, teve continuidade devido a cavaleiros neogodos e monges cistercienses. At\u00e9 1146 M\u00f5es foi governado por Egas Moniz, sendo o primeiro senhor desta terra, deixando, posteriormente, por sucess\u00e3o aos seus descendentes. No s\u00e9culo XII, a freguesia de S. Joaninho, denominada de Pendilhe,pertencia ao termo de M\u00f5es, por se encontrarem perto uma da outra. Nesta regi\u00e3o, D. Urraca Viegas, filha de Egas Moniz, possuiu bens deixando \u00e0 Infanta D. Mafalda, filha de D. Sancho I, que deixou em testamento tudo o que aqui tinha ao Mosteiro de Arouca.<\/p>\n<p>Parte destas terras foram depois doadas pelos descendentes de Mo\u00e7o Viegas (os Alvarengas e Castros- Senhores de Resende) aos Mosteiros de C\u00e1rquere, Ermida do Paiva, Arouca e Entre-Ambos-os-Rios. Adquiriram, aqui, casais \u00e0 S\u00e9 Visiense e \u00e0 Ordem do Hospital. O rei D. Dinis passou uma carta de privil\u00e9gios aos moradores do \u201ccouto de M\u00f5es\u201d. Posteriormente, o conde de Barcelos, D. Pedro Afonso, filho bastardo do monarca, viria a ser senhor do couto legando grandes herdades ao Mosteiro de Santo Tirso. Mais tarde, o Infante D. Pedro, futuro rei, tendo tomado posse de algumas dessas propriedades para si, consegue ganhar o Mosteiro, senten\u00e7a de D. Afonso IV contra o pr\u00f3prio filho, voltando a ter em seu poder aquilo que lhe pertencia por testamento do conde de Barcelos.<\/p>\n<p>Em 1494, o rei D. Manuel confirma a carta de privil\u00e9gios passada por D. Dinis e concede foral a M\u00f5es em 7 de Maio de 1514, desaparece o estatuto de honra ou couto formando-se uma nova c\u00e9lula administrativa \u2013 M\u00f5es ascende, assim, a concelho. O novo concelho estava obrigado a pagar anualmente, nos primeiros dias de Janeiro, 1200 r\u00e9is por ano, n\u00e3o havendo excep\u00e7\u00f5es para nenhum morador privilegiado ou cl\u00e9rigo. Existia um ou dois ju\u00edzes ordin\u00e1rios e oficiais da C\u00e2mara, as audi\u00eancias eram realizadas \u00e0 quarta-feira. M\u00f5es, eclesiasticamente, era abadia e os seus donat\u00e1rios e padroeiros de sempre foram os Castros \u2013 senhores de Resende, descendentes de Mo\u00e7o Viegas.<\/p>\n<p>No in\u00edcio do s\u00e9culo XVIII M\u00f5es pertencia ao Almirante D. Francisco de Castro. Em 1855, na sequ\u00eancia da reforma administrativa de Mouzinho da Silveira, o concelho de M\u00f5es foi suprimido e integra-se no de Castro Daire.<\/p><\/div>\n\t\t\t\t<\/div>\n\t\t\t\t<\/div>\n\t\t\t\t\t\t<\/div>\n\t\t\t\t\t<\/div>\n\t\t<\/div>\n\t\t\t\t\t\t\t\t<\/div>\n\t\t\t\t\t<\/div>\n\t\t<\/section>\n\t\t\t\t<section class=\"elementor-section elementor-top-section elementor-element elementor-element-2df0387 elementor-section-boxed elementor-section-height-default elementor-section-height-default\" data-id=\"2df0387\" data-element_type=\"section\">\n\t\t\t\t\t\t<div class=\"elementor-container elementor-column-gap-default\">\n\t\t\t\t\t\t\t<div class=\"elementor-row\">\n\t\t\t\t\t<div class=\"elementor-column elementor-col-100 elementor-top-column elementor-element elementor-element-b1f8dcf\" data-id=\"b1f8dcf\" data-element_type=\"column\">\n\t\t\t<div class=\"elementor-column-wrap elementor-element-populated\">\n\t\t\t\t\t\t\t<div class=\"elementor-widget-wrap\">\n\t\t\t\t\t\t<div class=\"elementor-element elementor-element-e4fafef elementor-widget elementor-widget-google_maps\" data-id=\"e4fafef\" data-element_type=\"widget\" data-widget_type=\"google_maps.default\">\n\t\t\t\t<div class=\"elementor-widget-container\">\n\t\t\t<div class=\"elementor-custom-embed\"><iframe frameborder=\"0\" scrolling=\"no\" marginheight=\"0\" marginwidth=\"0\" src=\"https:\/\/maps.google.com\/maps?q=FREGUESIA%20DE%20M%C3%95ES&amp;t=m&amp;z=13&amp;output=embed&amp;iwloc=near\" title=\"FREGUESIA DE M\u00d5ES\" aria-label=\"FREGUESIA DE M\u00d5ES\"><\/iframe><\/div>\t\t<\/div>\n\t\t\t\t<\/div>\n\t\t\t\t\t\t<\/div>\n\t\t\t\t\t<\/div>\n\t\t<\/div>\n\t\t\t\t\t\t\t\t<\/div>\n\t\t\t\t\t<\/div>\n\t\t<\/section>\n\t\t\t\t\t\t<\/div>\n\t\t\t\t\t\t<\/div>\n\t\t\t\t\t<\/div>\n\t\t","protected":false},"excerpt":{"rendered":"<p>freguesia de M\u00f5es A atual vila e freguesia de M\u00f5es possui uma \u00e1rea de cerca de 4 536,34 hectares, e fica a uma dist\u00e2ncia de dez quil\u00f3metros da sede de concelho. \u00c9 formada pelas aldeias de Arcas, Canado, Casais de D. In\u00eas, Code\u00e7ais, Courinha, Granja, Grij\u00f3, Malhada, Portela, Raba\u00e7osa, Soutelo, Vila Boa e Vila Franca [&hellip;]<\/p>\n","protected":false},"author":1,"featured_media":20226,"parent":0,"menu_order":0,"comment_status":"closed","ping_status":"closed","template":"","meta":[],"_links":{"self":[{"href":"https:\/\/www.servidormix.com\/montemuroepaiva\/wp-json\/wp\/v2\/pages\/20314"}],"collection":[{"href":"https:\/\/www.servidormix.com\/montemuroepaiva\/wp-json\/wp\/v2\/pages"}],"about":[{"href":"https:\/\/www.servidormix.com\/montemuroepaiva\/wp-json\/wp\/v2\/types\/page"}],"author":[{"embeddable":true,"href":"https:\/\/www.servidormix.com\/montemuroepaiva\/wp-json\/wp\/v2\/users\/1"}],"replies":[{"embeddable":true,"href":"https:\/\/www.servidormix.com\/montemuroepaiva\/wp-json\/wp\/v2\/comments?post=20314"}],"version-history":[{"count":10,"href":"https:\/\/www.servidormix.com\/montemuroepaiva\/wp-json\/wp\/v2\/pages\/20314\/revisions"}],"predecessor-version":[{"id":24474,"href":"https:\/\/www.servidormix.com\/montemuroepaiva\/wp-json\/wp\/v2\/pages\/20314\/revisions\/24474"}],"wp:featuredmedia":[{"embeddable":true,"href":"https:\/\/www.servidormix.com\/montemuroepaiva\/wp-json\/wp\/v2\/media\/20226"}],"wp:attachment":[{"href":"https:\/\/www.servidormix.com\/montemuroepaiva\/wp-json\/wp\/v2\/media?parent=20314"}],"curies":[{"name":"wp","href":"https:\/\/api.w.org\/{rel}","templated":true}]}}

Freguesia de Mões

<div data-elementor-type="wp-page" data-elementor-id="20314" class="elementor elementor-20314" data-elementor-settings="[]">
						<div class="elementor-inner">
							<div class="elementor-section-wrap">
							<section class="elementor-section elementor-top-section elementor-element elementor-element-6bad5c5 elementor-section-stretched elementor-section-boxed elementor-section-height-default elementor-section-height-default" data-id="6bad5c5" data-element_type="section" data-settings="{&quot;stretch_section&quot;:&quot;section-stretched&quot;,&quot;background_background&quot;:&quot;classic&quot;,&quot;background_motion_fx_motion_fx_scrolling&quot;:&quot;yes&quot;,&quot;background_motion_fx_translateY_effect&quot;:&quot;yes&quot;,&quot;background_motion_fx_translateY_speed&quot;:{&quot;unit&quot;:&quot;px&quot;,&quot;size&quot;:4,&quot;sizes&quot;:[]},&quot;background_motion_fx_translateY_affectedRange&quot;:{&quot;unit&quot;:&quot;%&quot;,&quot;size&quot;:&quot;&quot;,&quot;sizes&quot;:{&quot;start&quot;:0,&quot;end&quot;:100}},&quot;background_motion_fx_devices&quot;:[&quot;desktop&quot;,&quot;tablet&quot;,&quot;mobile&quot;]}">
							<div class="elementor-background-overlay"></div>
							<div class="elementor-container elementor-column-gap-default">
							<div class="elementor-row">
					<div class="elementor-column elementor-col-100 elementor-top-column elementor-element elementor-element-a5d794b" data-id="a5d794b" data-element_type="column">
			<div class="elementor-column-wrap elementor-element-populated">
							<div class="elementor-widget-wrap">
						<div class="elementor-element elementor-element-855a684 elementor-widget elementor-widget-heading" data-id="855a684" data-element_type="widget" data-widget_type="heading.default">
				<div class="elementor-widget-container">
			<h4 class="elementor-heading-title elementor-size-default">freguesia de</h4>		</div>
				</div>
				<div class="elementor-element elementor-element-8c2ab08 elementor-widget elementor-widget-heading" data-id="8c2ab08" data-element_type="widget" data-widget_type="heading.default">
				<div class="elementor-widget-container">
			<h2 class="elementor-heading-title elementor-size-default"><b>Mões</b><br></h2>		</div>
				</div>
						</div>
					</div>
		</div>
								</div>
					</div>
		</section>
				<section class="elementor-section elementor-top-section elementor-element elementor-element-09bf0a5 elementor-section-stretched elementor-section-content-top elementor-section-boxed elementor-section-height-default elementor-section-height-default elementor-invisible" data-id="09bf0a5" data-element_type="section" data-settings="{&quot;stretch_section&quot;:&quot;section-stretched&quot;,&quot;background_background&quot;:&quot;classic&quot;,&quot;animation&quot;:&quot;fadeInUp&quot;}">
							<div class="elementor-background-overlay"></div>
							<div class="elementor-container elementor-column-gap-wider">
							<div class="elementor-row">
					<div class="elementor-column elementor-col-50 elementor-top-column elementor-element elementor-element-25af517" data-id="25af517" data-element_type="column">
			<div class="elementor-column-wrap elementor-element-populated">
							<div class="elementor-widget-wrap">
						<div class="elementor-element elementor-element-58c51dd elementor-widget elementor-widget-image" data-id="58c51dd" data-element_type="widget" data-widget_type="image.default">
				<div class="elementor-widget-container">
					<div class="elementor-image">
										<img width="500" height="667" src="https://www.servidormix.com/montemuroepaiva/wp-content/uploads/2020/05/moes.jpg" class="attachment-large size-large" alt="" loading="lazy" srcset="https://www.servidormix.com/montemuroepaiva/wp-content/uploads/2020/05/moes.jpg 500w, https://www.servidormix.com/montemuroepaiva/wp-content/uploads/2020/05/moes-225x300.jpg 225w, https://www.servidormix.com/montemuroepaiva/wp-content/uploads/2020/05/moes-450x600.jpg 450w" sizes="(max-width: 500px) 100vw, 500px" />											</div>
				</div>
				</div>
						</div>
					</div>
		</div>
				<div class="elementor-column elementor-col-50 elementor-top-column elementor-element elementor-element-166d7ea" data-id="166d7ea" data-element_type="column">
			<div class="elementor-column-wrap elementor-element-populated">
							<div class="elementor-widget-wrap">
						<div class="elementor-element elementor-element-b819f3b elementor-widget elementor-widget-text-editor" data-id="b819f3b" data-element_type="widget" data-widget_type="text-editor.default">
				<div class="elementor-widget-container">
					<div class="elementor-text-editor elementor-clearfix"><p>A atual vila e freguesia de Mões possui uma área de cerca de 4 536,34 hectares, e fica a uma distância de dez quilómetros da sede de concelho. É formada pelas aldeias de Arcas, Canado, Casais de D. Inês, Codeçais, Courinha, Granja, Grijó, Malhada, Portela, Rabaçosa, Soutelo, Vila Boa e Vila Franca – 2109 habitantes. Há uma incerteza em relação a quando e quais os povos que habitaram primeiramente esta região, no entanto tem-se conhecimento da permanência de comunidades da Idade dos Metais devido ao facto de se ter encontrado na povoação de Vila Boa um molde de machado de duplo anel e ainda das ruínas amuralhadas existentes no monte de S. Lourenço.</p>
<p>Encontraram-se, também, várias inscrições e moedas romanas provando, assim, a presença deste povo. A colonização proto-histórica, romana e germânica, teve continuidade devido a cavaleiros neogodos e monges cistercienses. Até 1146 Mões foi governado por Egas Moniz, sendo o primeiro senhor desta terra, deixando, posteriormente, por sucessão aos seus descendentes. No século XII, a freguesia de S. Joaninho, denominada de Pendilhe,pertencia ao termo de Mões, por se encontrarem perto uma da outra. Nesta região, D. Urraca Viegas, filha de Egas Moniz, possuiu bens deixando à Infanta D. Mafalda, filha de D. Sancho I, que deixou em testamento tudo o que aqui tinha ao Mosteiro de Arouca.</p>
<p>Parte destas terras foram depois doadas pelos descendentes de Moço Viegas (os Alvarengas e Castros- Senhores de Resende) aos Mosteiros de Cárquere, Ermida do Paiva, Arouca e Entre-Ambos-os-Rios. Adquiriram, aqui, casais à Sé Visiense e à Ordem do Hospital. O rei D. Dinis passou uma carta de privilégios aos moradores do “couto de Mões”. Posteriormente, o conde de Barcelos, D. Pedro Afonso, filho bastardo do monarca, viria a ser senhor do couto legando grandes herdades ao Mosteiro de Santo Tirso. Mais tarde, o Infante D. Pedro, futuro rei, tendo tomado posse de algumas dessas propriedades para si, consegue ganhar o Mosteiro, sentença de D. Afonso IV contra o próprio filho, voltando a ter em seu poder aquilo que lhe pertencia por testamento do conde de Barcelos.</p>
<p>Em 1494, o rei D. Manuel confirma a carta de privilégios passada por D. Dinis e concede foral a Mões em 7 de Maio de 1514, desaparece o estatuto de honra ou couto formando-se uma nova célula administrativa – Mões ascende, assim, a concelho. O novo concelho estava obrigado a pagar anualmente, nos primeiros dias de Janeiro, 1200 réis por ano, não havendo excepções para nenhum morador privilegiado ou clérigo. Existia um ou dois juízes ordinários e oficiais da Câmara, as audiências eram realizadas à quarta-feira. Mões, eclesiasticamente, era abadia e os seus donatários e padroeiros de sempre foram os Castros – senhores de Resende, descendentes de Moço Viegas.</p>
<p>No início do século XVIII Mões pertencia ao Almirante D. Francisco de Castro. Em 1855, na sequência da reforma administrativa de Mouzinho da Silveira, o concelho de Mões foi suprimido e integra-se no de Castro Daire.</p></div>
				</div>
				</div>
						</div>
					</div>
		</div>
								</div>
					</div>
		</section>
				<section class="elementor-section elementor-top-section elementor-element elementor-element-2df0387 elementor-section-boxed elementor-section-height-default elementor-section-height-default" data-id="2df0387" data-element_type="section">
						<div class="elementor-container elementor-column-gap-default">
							<div class="elementor-row">
					<div class="elementor-column elementor-col-100 elementor-top-column elementor-element elementor-element-b1f8dcf" data-id="b1f8dcf" data-element_type="column">
			<div class="elementor-column-wrap elementor-element-populated">
							<div class="elementor-widget-wrap">
						<div class="elementor-element elementor-element-e4fafef elementor-widget elementor-widget-google_maps" data-id="e4fafef" data-element_type="widget" data-widget_type="google_maps.default">
				<div class="elementor-widget-container">
			<div class="elementor-custom-embed"><iframe frameborder="0" scrolling="no" marginheight="0" marginwidth="0" src="https://maps.google.com/maps?q=FREGUESIA%20DE%20M%C3%95ES&amp;t=m&amp;z=13&amp;output=embed&amp;iwloc=near" title="FREGUESIA DE MÕES" aria-label="FREGUESIA DE MÕES"></iframe></div>		</div>
				</div>
						</div>
					</div>
		</div>
								</div>
					</div>
		</section>
						</div>
						</div>
					</div>

<p>freguesia de Mões A atual vila e freguesia de Mões possui uma área de cerca de 4 536,34 hectares, e fica a uma distância de dez quilómetros da sede de concelho. É formada pelas aldeias de Arcas, Canado, Casais de D. Inês, Codeçais, Courinha, Granja, Grijó, Malhada, Portela, Rabaçosa, Soutelo, Vila Boa e Vila Franca [&hellip;]</p>
