{"id":20319,"date":"2020-05-29T10:16:50","date_gmt":"2020-05-29T09:16:50","guid":{"rendered":"https:\/\/www.servidormix.com\/montemuroepaiva\/?page_id=20319"},"modified":"2021-02-24T14:14:36","modified_gmt":"2021-02-24T14:14:36","slug":"freguesia-de-castro-daire","status":"publish","type":"page","link":"https:\/\/www.servidormix.com\/montemuroepaiva\/freguesia-de-castro-daire\/","title":{"rendered":"Freguesia de Castro Daire"},"content":{"rendered":"\t\t<div data-elementor-type=\"wp-page\" data-elementor-id=\"20319\" class=\"elementor elementor-20319\" data-elementor-settings=\"[]\">\n\t\t\t\t\t\t<div class=\"elementor-inner\">\n\t\t\t\t\t\t\t<div class=\"elementor-section-wrap\">\n\t\t\t\t\t\t\t<section class=\"elementor-section elementor-top-section elementor-element elementor-element-6bad5c5 elementor-section-stretched elementor-section-boxed elementor-section-height-default elementor-section-height-default\" data-id=\"6bad5c5\" data-element_type=\"section\" data-settings=\"{&quot;stretch_section&quot;:&quot;section-stretched&quot;,&quot;background_background&quot;:&quot;classic&quot;,&quot;background_motion_fx_motion_fx_scrolling&quot;:&quot;yes&quot;,&quot;background_motion_fx_translateY_effect&quot;:&quot;yes&quot;,&quot;background_motion_fx_translateY_speed&quot;:{&quot;unit&quot;:&quot;px&quot;,&quot;size&quot;:4,&quot;sizes&quot;:[]},&quot;background_motion_fx_translateY_affectedRange&quot;:{&quot;unit&quot;:&quot;%&quot;,&quot;size&quot;:&quot;&quot;,&quot;sizes&quot;:{&quot;start&quot;:0,&quot;end&quot;:100}},&quot;background_motion_fx_devices&quot;:[&quot;desktop&quot;,&quot;tablet&quot;,&quot;mobile&quot;]}\">\n\t\t\t\t\t\t\t<div class=\"elementor-background-overlay\"><\/div>\n\t\t\t\t\t\t\t<div class=\"elementor-container elementor-column-gap-default\">\n\t\t\t\t\t\t\t<div class=\"elementor-row\">\n\t\t\t\t\t<div class=\"elementor-column elementor-col-100 elementor-top-column elementor-element elementor-element-a5d794b\" data-id=\"a5d794b\" data-element_type=\"column\">\n\t\t\t<div class=\"elementor-column-wrap elementor-element-populated\">\n\t\t\t\t\t\t\t<div class=\"elementor-widget-wrap\">\n\t\t\t\t\t\t<div class=\"elementor-element elementor-element-855a684 elementor-widget elementor-widget-heading\" data-id=\"855a684\" data-element_type=\"widget\" data-widget_type=\"heading.default\">\n\t\t\t\t<div class=\"elementor-widget-container\">\n\t\t\t<h4 class=\"elementor-heading-title elementor-size-default\">freguesia de<\/h4>\t\t<\/div>\n\t\t\t\t<\/div>\n\t\t\t\t<div class=\"elementor-element elementor-element-8c2ab08 elementor-widget elementor-widget-heading\" data-id=\"8c2ab08\" data-element_type=\"widget\" data-widget_type=\"heading.default\">\n\t\t\t\t<div class=\"elementor-widget-container\">\n\t\t\t<h2 class=\"elementor-heading-title elementor-size-default\"><b>Castro Daire<\/b><br><\/h2>\t\t<\/div>\n\t\t\t\t<\/div>\n\t\t\t\t\t\t<\/div>\n\t\t\t\t\t<\/div>\n\t\t<\/div>\n\t\t\t\t\t\t\t\t<\/div>\n\t\t\t\t\t<\/div>\n\t\t<\/section>\n\t\t\t\t<section class=\"elementor-section elementor-top-section elementor-element elementor-element-09bf0a5 elementor-section-stretched elementor-section-content-top elementor-section-boxed elementor-section-height-default elementor-section-height-default elementor-invisible\" data-id=\"09bf0a5\" data-element_type=\"section\" data-settings=\"{&quot;stretch_section&quot;:&quot;section-stretched&quot;,&quot;background_background&quot;:&quot;classic&quot;,&quot;animation&quot;:&quot;fadeInUp&quot;}\">\n\t\t\t\t\t\t\t<div class=\"elementor-background-overlay\"><\/div>\n\t\t\t\t\t\t\t<div class=\"elementor-container elementor-column-gap-wider\">\n\t\t\t\t\t\t\t<div class=\"elementor-row\">\n\t\t\t\t\t<div class=\"elementor-column elementor-col-50 elementor-top-column elementor-element elementor-element-25af517\" data-id=\"25af517\" data-element_type=\"column\">\n\t\t\t<div class=\"elementor-column-wrap elementor-element-populated\">\n\t\t\t\t\t\t\t<div class=\"elementor-widget-wrap\">\n\t\t\t\t\t\t<div class=\"elementor-element elementor-element-58c51dd elementor-widget elementor-widget-image\" data-id=\"58c51dd\" data-element_type=\"widget\" data-widget_type=\"image.default\">\n\t\t\t\t<div class=\"elementor-widget-container\">\n\t\t\t\t\t<div class=\"elementor-image\">\n\t\t\t\t\t\t\t\t\t\t<img width=\"500\" height=\"333\" src=\"https:\/\/www.servidormix.com\/montemuroepaiva\/wp-content\/uploads\/2020\/05\/castro-daire.jpg\" class=\"attachment-large size-large\" alt=\"\" loading=\"lazy\" srcset=\"https:\/\/www.servidormix.com\/montemuroepaiva\/wp-content\/uploads\/2020\/05\/castro-daire.jpg 500w, https:\/\/www.servidormix.com\/montemuroepaiva\/wp-content\/uploads\/2020\/05\/castro-daire-300x200.jpg 300w, https:\/\/www.servidormix.com\/montemuroepaiva\/wp-content\/uploads\/2020\/05\/castro-daire-450x300.jpg 450w\" sizes=\"(max-width: 500px) 100vw, 500px\" \/>\t\t\t\t\t\t\t\t\t\t\t<\/div>\n\t\t\t\t<\/div>\n\t\t\t\t<\/div>\n\t\t\t\t\t\t<\/div>\n\t\t\t\t\t<\/div>\n\t\t<\/div>\n\t\t\t\t<div class=\"elementor-column elementor-col-50 elementor-top-column elementor-element elementor-element-166d7ea\" data-id=\"166d7ea\" data-element_type=\"column\">\n\t\t\t<div class=\"elementor-column-wrap elementor-element-populated\">\n\t\t\t\t\t\t\t<div class=\"elementor-widget-wrap\">\n\t\t\t\t\t\t<div class=\"elementor-element elementor-element-b819f3b elementor-widget elementor-widget-text-editor\" data-id=\"b819f3b\" data-element_type=\"widget\" data-widget_type=\"text-editor.default\">\n\t\t\t\t<div class=\"elementor-widget-container\">\n\t\t\t\t\t<div class=\"elementor-text-editor elementor-clearfix\"><p>Castro Daire \u00e9 uma vila com cerca de 4 600 habitantes, situa-se na regi\u00e3o Centro (NUTS II), distrito de Viseu, e est\u00e1 inserida na sub-regi\u00e3o D\u00e3o\/Laf\u00f5es (NUTS III). \u00c9 sede de um munic\u00edpio com uma \u00e1rea de 379,00 km\u00b2 e 15 339 habitantes, fazendo parte das 16 freguesias que comp\u00f5em o concelho.<\/p><p>Freguesia, e sede de concelho, \u00e9 composta por aldeias lim\u00edtrofes que abrange cerca de 32,9 quil\u00f3metros quadrados: Arinho, Baltar, Bra\u00e7os, Custilh\u00e3o, Farejinhas, Fareja, Folgosa, Lamelas, Mortolgos, Mosteiro, Santa Margarida, Vale de Matos e Vila Pouca.<\/p><p>Geograficamente encontra-se situada num cume de um monte, o seu top\u00f3nimo tem origem num antigo castro que se encontrava na parte mais alta deste lugar. Sabe-se que aqui habitaram romanos devido ao aparecimento de documentos epigr\u00e1ficos. Havia v\u00e1rias pontes romanas, entre elas, a Ponte Pedrinha, demolida em 1877 construindo-se a que, ainda hoje, possui a mesma designa\u00e7\u00e3o e onde se encontrou uma l\u00e1pide podendo dat\u00e1-la da altura do imperador Caio J\u00falio C\u00e9sar. Est\u00e1 historicamente comprovado que Castro Daire fez parte do padroado real e posteriormente \u00e0 Casa do Infantado.<\/p><p>Castro Daire foi dominado pelo julgado da Terra de Mo\u00e7\u00e3o, cabe\u00e7a de concelho do mesmo nome com foral antigo, cr\u00ea-se de D. Afonso III e foral novo no s\u00e9culo XVI. Teve carta de foro por D. Afonso Henriques e carta de privil\u00e9gios dada por D. Dinis. D. Manuel concedeu-lhe foral novo em Lisboa a 14 de Mar\u00e7o de 1514.<\/p><p>No que concerne ao patrim\u00f3nio arquitet\u00f3nico edificado na freguesia, evidenciam-se ins\u00edgnias de um passado aristocr\u00e1tico, nomeadamente no s\u00e9culo XVIII, como a casa dos Fidalgos da Cerca e a Capela das Carrancas, as Casas brasonadas dos Aguilares e dos Mendon\u00e7a e a Igreja Matriz de Castro Daire<\/p><\/div>\n\t\t\t\t<\/div>\n\t\t\t\t<\/div>\n\t\t\t\t\t\t<\/div>\n\t\t\t\t\t<\/div>\n\t\t<\/div>\n\t\t\t\t\t\t\t\t<\/div>\n\t\t\t\t\t<\/div>\n\t\t<\/section>\n\t\t\t\t<section class=\"elementor-section elementor-top-section elementor-element elementor-element-2df0387 elementor-section-boxed elementor-section-height-default elementor-section-height-default\" data-id=\"2df0387\" data-element_type=\"section\">\n\t\t\t\t\t\t<div class=\"elementor-container elementor-column-gap-default\">\n\t\t\t\t\t\t\t<div class=\"elementor-row\">\n\t\t\t\t\t<div class=\"elementor-column elementor-col-100 elementor-top-column elementor-element elementor-element-b1f8dcf\" data-id=\"b1f8dcf\" data-element_type=\"column\">\n\t\t\t<div class=\"elementor-column-wrap elementor-element-populated\">\n\t\t\t\t\t\t\t<div class=\"elementor-widget-wrap\">\n\t\t\t\t\t\t<div class=\"elementor-element elementor-element-e4fafef elementor-widget elementor-widget-google_maps\" data-id=\"e4fafef\" data-element_type=\"widget\" data-widget_type=\"google_maps.default\">\n\t\t\t\t<div class=\"elementor-widget-container\">\n\t\t\t<div class=\"elementor-custom-embed\"><iframe frameborder=\"0\" scrolling=\"no\" marginheight=\"0\" marginwidth=\"0\" src=\"https:\/\/maps.google.com\/maps?q=FREGUESIA%20DE%20CASTRO%20DAIRE&amp;t=m&amp;z=13&amp;output=embed&amp;iwloc=near\" title=\"FREGUESIA DE CASTRO DAIRE\" aria-label=\"FREGUESIA DE CASTRO DAIRE\"><\/iframe><\/div>\t\t<\/div>\n\t\t\t\t<\/div>\n\t\t\t\t\t\t<\/div>\n\t\t\t\t\t<\/div>\n\t\t<\/div>\n\t\t\t\t\t\t\t\t<\/div>\n\t\t\t\t\t<\/div>\n\t\t<\/section>\n\t\t\t\t\t\t<\/div>\n\t\t\t\t\t\t<\/div>\n\t\t\t\t\t<\/div>\n\t\t","protected":false},"excerpt":{"rendered":"<p>freguesia de Castro Daire Castro Daire \u00e9 uma vila com cerca de 4 600 habitantes, situa-se na regi\u00e3o Centro (NUTS II), distrito de Viseu, e est\u00e1 inserida na sub-regi\u00e3o D\u00e3o\/Laf\u00f5es (NUTS III). \u00c9 sede de um munic\u00edpio com uma \u00e1rea de 379,00 km\u00b2 e 15 339 habitantes, fazendo parte das 16 freguesias que comp\u00f5em o [&hellip;]<\/p>\n","protected":false},"author":1,"featured_media":20227,"parent":0,"menu_order":0,"comment_status":"closed","ping_status":"closed","template":"","meta":[],"_links":{"self":[{"href":"https:\/\/www.servidormix.com\/montemuroepaiva\/wp-json\/wp\/v2\/pages\/20319"}],"collection":[{"href":"https:\/\/www.servidormix.com\/montemuroepaiva\/wp-json\/wp\/v2\/pages"}],"about":[{"href":"https:\/\/www.servidormix.com\/montemuroepaiva\/wp-json\/wp\/v2\/types\/page"}],"author":[{"embeddable":true,"href":"https:\/\/www.servidormix.com\/montemuroepaiva\/wp-json\/wp\/v2\/users\/1"}],"replies":[{"embeddable":true,"href":"https:\/\/www.servidormix.com\/montemuroepaiva\/wp-json\/wp\/v2\/comments?post=20319"}],"version-history":[{"count":10,"href":"https:\/\/www.servidormix.com\/montemuroepaiva\/wp-json\/wp\/v2\/pages\/20319\/revisions"}],"predecessor-version":[{"id":24465,"href":"https:\/\/www.servidormix.com\/montemuroepaiva\/wp-json\/wp\/v2\/pages\/20319\/revisions\/24465"}],"wp:featuredmedia":[{"embeddable":true,"href":"https:\/\/www.servidormix.com\/montemuroepaiva\/wp-json\/wp\/v2\/media\/20227"}],"wp:attachment":[{"href":"https:\/\/www.servidormix.com\/montemuroepaiva\/wp-json\/wp\/v2\/media?parent=20319"}],"curies":[{"name":"wp","href":"https:\/\/api.w.org\/{rel}","templated":true}]}}

<div data-elementor-type="wp-page" data-elementor-id="20319" class="elementor elementor-20319" data-elementor-settings="[]">
						<div class="elementor-inner">
							<div class="elementor-section-wrap">
							<section class="elementor-section elementor-top-section elementor-element elementor-element-6bad5c5 elementor-section-stretched elementor-section-boxed elementor-section-height-default elementor-section-height-default" data-id="6bad5c5" data-element_type="section" data-settings="{&quot;stretch_section&quot;:&quot;section-stretched&quot;,&quot;background_background&quot;:&quot;classic&quot;,&quot;background_motion_fx_motion_fx_scrolling&quot;:&quot;yes&quot;,&quot;background_motion_fx_translateY_effect&quot;:&quot;yes&quot;,&quot;background_motion_fx_translateY_speed&quot;:{&quot;unit&quot;:&quot;px&quot;,&quot;size&quot;:4,&quot;sizes&quot;:[]},&quot;background_motion_fx_translateY_affectedRange&quot;:{&quot;unit&quot;:&quot;%&quot;,&quot;size&quot;:&quot;&quot;,&quot;sizes&quot;:{&quot;start&quot;:0,&quot;end&quot;:100}},&quot;background_motion_fx_devices&quot;:[&quot;desktop&quot;,&quot;tablet&quot;,&quot;mobile&quot;]}">
							<div class="elementor-background-overlay"></div>
							<div class="elementor-container elementor-column-gap-default">
							<div class="elementor-row">
					<div class="elementor-column elementor-col-100 elementor-top-column elementor-element elementor-element-a5d794b" data-id="a5d794b" data-element_type="column">
			<div class="elementor-column-wrap elementor-element-populated">
							<div class="elementor-widget-wrap">
						<div class="elementor-element elementor-element-855a684 elementor-widget elementor-widget-heading" data-id="855a684" data-element_type="widget" data-widget_type="heading.default">
				<div class="elementor-widget-container">
			<h4 class="elementor-heading-title elementor-size-default">freguesia de</h4>		</div>
				</div>
				<div class="elementor-element elementor-element-8c2ab08 elementor-widget elementor-widget-heading" data-id="8c2ab08" data-element_type="widget" data-widget_type="heading.default">
				<div class="elementor-widget-container">
			<h2 class="elementor-heading-title elementor-size-default"><b>Castro Daire</b><br></h2>		</div>
				</div>
						</div>
					</div>
		</div>
								</div>
					</div>
		</section>
				<section class="elementor-section elementor-top-section elementor-element elementor-element-09bf0a5 elementor-section-stretched elementor-section-content-top elementor-section-boxed elementor-section-height-default elementor-section-height-default elementor-invisible" data-id="09bf0a5" data-element_type="section" data-settings="{&quot;stretch_section&quot;:&quot;section-stretched&quot;,&quot;background_background&quot;:&quot;classic&quot;,&quot;animation&quot;:&quot;fadeInUp&quot;}">
							<div class="elementor-background-overlay"></div>
							<div class="elementor-container elementor-column-gap-wider">
							<div class="elementor-row">
					<div class="elementor-column elementor-col-50 elementor-top-column elementor-element elementor-element-25af517" data-id="25af517" data-element_type="column">
			<div class="elementor-column-wrap elementor-element-populated">
							<div class="elementor-widget-wrap">
						<div class="elementor-element elementor-element-58c51dd elementor-widget elementor-widget-image" data-id="58c51dd" data-element_type="widget" data-widget_type="image.default">
				<div class="elementor-widget-container">
					<div class="elementor-image">
										<img width="500" height="333" src="https://www.servidormix.com/montemuroepaiva/wp-content/uploads/2020/05/castro-daire.jpg" class="attachment-large size-large" alt="" loading="lazy" srcset="https://www.servidormix.com/montemuroepaiva/wp-content/uploads/2020/05/castro-daire.jpg 500w, https://www.servidormix.com/montemuroepaiva/wp-content/uploads/2020/05/castro-daire-300x200.jpg 300w, https://www.servidormix.com/montemuroepaiva/wp-content/uploads/2020/05/castro-daire-450x300.jpg 450w" sizes="(max-width: 500px) 100vw, 500px" />											</div>
				</div>
				</div>
						</div>
					</div>
		</div>
				<div class="elementor-column elementor-col-50 elementor-top-column elementor-element elementor-element-166d7ea" data-id="166d7ea" data-element_type="column">
			<div class="elementor-column-wrap elementor-element-populated">
							<div class="elementor-widget-wrap">
						<div class="elementor-element elementor-element-b819f3b elementor-widget elementor-widget-text-editor" data-id="b819f3b" data-element_type="widget" data-widget_type="text-editor.default">
				<div class="elementor-widget-container">
					<div class="elementor-text-editor elementor-clearfix"><p>Castro Daire é uma vila com cerca de 4 600 habitantes, situa-se na região Centro (NUTS II), distrito de Viseu, e está inserida na sub-região Dão/Lafões (NUTS III). É sede de um município com uma área de 379,00 km² e 15 339 habitantes, fazendo parte das 16 freguesias que compõem o concelho.</p><p>Freguesia, e sede de concelho, é composta por aldeias limítrofes que abrange cerca de 32,9 quilómetros quadrados: Arinho, Baltar, Braços, Custilhão, Farejinhas, Fareja, Folgosa, Lamelas, Mortolgos, Mosteiro, Santa Margarida, Vale de Matos e Vila Pouca.</p><p>Geograficamente encontra-se situada num cume de um monte, o seu topónimo tem origem num antigo castro que se encontrava na parte mais alta deste lugar. Sabe-se que aqui habitaram romanos devido ao aparecimento de documentos epigráficos. Havia várias pontes romanas, entre elas, a Ponte Pedrinha, demolida em 1877 construindo-se a que, ainda hoje, possui a mesma designação e onde se encontrou uma lápide podendo datá-la da altura do imperador Caio Júlio César. Está historicamente comprovado que Castro Daire fez parte do padroado real e posteriormente à Casa do Infantado.</p><p>Castro Daire foi dominado pelo julgado da Terra de Moção, cabeça de concelho do mesmo nome com foral antigo, crê-se de D. Afonso III e foral novo no século XVI. Teve carta de foro por D. Afonso Henriques e carta de privilégios dada por D. Dinis. D. Manuel concedeu-lhe foral novo em Lisboa a 14 de Março de 1514.</p><p>No que concerne ao património arquitetónico edificado na freguesia, evidenciam-se insígnias de um passado aristocrático, nomeadamente no século XVIII, como a casa dos Fidalgos da Cerca e a Capela das Carrancas, as Casas brasonadas dos Aguilares e dos Mendonça e a Igreja Matriz de Castro Daire</p></div>
				</div>
				</div>
						</div>
					</div>
		</div>
								</div>
					</div>
		</section>
				<section class="elementor-section elementor-top-section elementor-element elementor-element-2df0387 elementor-section-boxed elementor-section-height-default elementor-section-height-default" data-id="2df0387" data-element_type="section">
						<div class="elementor-container elementor-column-gap-default">
							<div class="elementor-row">
					<div class="elementor-column elementor-col-100 elementor-top-column elementor-element elementor-element-b1f8dcf" data-id="b1f8dcf" data-element_type="column">
			<div class="elementor-column-wrap elementor-element-populated">
							<div class="elementor-widget-wrap">
						<div class="elementor-element elementor-element-e4fafef elementor-widget elementor-widget-google_maps" data-id="e4fafef" data-element_type="widget" data-widget_type="google_maps.default">
				<div class="elementor-widget-container">
			<div class="elementor-custom-embed"><iframe frameborder="0" scrolling="no" marginheight="0" marginwidth="0" src="https://maps.google.com/maps?q=FREGUESIA%20DE%20CASTRO%20DAIRE&amp;t=m&amp;z=13&amp;output=embed&amp;iwloc=near" title="FREGUESIA DE CASTRO DAIRE" aria-label="FREGUESIA DE CASTRO DAIRE"></iframe></div>		</div>
				</div>
						</div>
					</div>
		</div>
								</div>
					</div>
		</section>
						</div>
						</div>
					</div>

<p>freguesia de Castro Daire Castro Daire é uma vila com cerca de 4 600 habitantes, situa-se na região Centro (NUTS II), distrito de Viseu, e está inserida na sub-região Dão/Lafões (NUTS III). É sede de um município com uma área de 379,00 km² e 15 339 habitantes, fazendo parte das 16 freguesias que compõem o [&hellip;]</p>
