{"id":20342,"date":"2020-05-29T10:41:41","date_gmt":"2020-05-29T09:41:41","guid":{"rendered":"https:\/\/www.servidormix.com\/montemuroepaiva\/?page_id=20342"},"modified":"2020-08-27T18:47:53","modified_gmt":"2020-08-27T17:47:53","slug":"uniao-das-freguesias-de-mezio-e-moura-morta","status":"publish","type":"page","link":"https:\/\/www.servidormix.com\/montemuroepaiva\/uniao-das-freguesias-de-mezio-e-moura-morta\/","title":{"rendered":"Uni\u00e3o das Freguesias de Mezio e Moura Morta"},"content":{"rendered":"\t\t<div data-elementor-type=\"wp-page\" data-elementor-id=\"20342\" class=\"elementor elementor-20342\" data-elementor-settings=\"[]\">\n\t\t\t\t\t\t<div class=\"elementor-inner\">\n\t\t\t\t\t\t\t<div class=\"elementor-section-wrap\">\n\t\t\t\t\t\t\t<section class=\"elementor-section elementor-top-section elementor-element elementor-element-6bad5c5 elementor-section-stretched elementor-section-boxed elementor-section-height-default elementor-section-height-default\" data-id=\"6bad5c5\" data-element_type=\"section\" data-settings=\"{&quot;stretch_section&quot;:&quot;section-stretched&quot;,&quot;background_background&quot;:&quot;classic&quot;,&quot;background_motion_fx_motion_fx_scrolling&quot;:&quot;yes&quot;,&quot;background_motion_fx_translateY_effect&quot;:&quot;yes&quot;,&quot;background_motion_fx_translateY_speed&quot;:{&quot;unit&quot;:&quot;px&quot;,&quot;size&quot;:4,&quot;sizes&quot;:[]},&quot;background_motion_fx_translateY_affectedRange&quot;:{&quot;unit&quot;:&quot;%&quot;,&quot;size&quot;:&quot;&quot;,&quot;sizes&quot;:{&quot;start&quot;:0,&quot;end&quot;:100}},&quot;background_motion_fx_devices&quot;:[&quot;desktop&quot;,&quot;tablet&quot;,&quot;mobile&quot;]}\">\n\t\t\t\t\t\t\t<div class=\"elementor-background-overlay\"><\/div>\n\t\t\t\t\t\t\t<div class=\"elementor-container elementor-column-gap-default\">\n\t\t\t\t\t\t\t<div class=\"elementor-row\">\n\t\t\t\t\t<div class=\"elementor-column elementor-col-100 elementor-top-column elementor-element elementor-element-a5d794b\" data-id=\"a5d794b\" data-element_type=\"column\">\n\t\t\t<div class=\"elementor-column-wrap elementor-element-populated\">\n\t\t\t\t\t\t\t<div class=\"elementor-widget-wrap\">\n\t\t\t\t\t\t<div class=\"elementor-element elementor-element-855a684 elementor-widget elementor-widget-heading\" data-id=\"855a684\" data-element_type=\"widget\" data-widget_type=\"heading.default\">\n\t\t\t\t<div class=\"elementor-widget-container\">\n\t\t\t<h4 class=\"elementor-heading-title elementor-size-default\">UNI\u00c3O DE freguesiaS de<\/h4>\t\t<\/div>\n\t\t\t\t<\/div>\n\t\t\t\t<div class=\"elementor-element elementor-element-8c2ab08 elementor-widget elementor-widget-heading\" data-id=\"8c2ab08\" data-element_type=\"widget\" data-widget_type=\"heading.default\">\n\t\t\t\t<div class=\"elementor-widget-container\">\n\t\t\t<h2 class=\"elementor-heading-title elementor-size-default\"><b>Mezio<br>e Moura Morta<\/b><br><\/h2>\t\t<\/div>\n\t\t\t\t<\/div>\n\t\t\t\t\t\t<\/div>\n\t\t\t\t\t<\/div>\n\t\t<\/div>\n\t\t\t\t\t\t\t\t<\/div>\n\t\t\t\t\t<\/div>\n\t\t<\/section>\n\t\t\t\t<section class=\"elementor-section elementor-top-section elementor-element elementor-element-09bf0a5 elementor-section-stretched elementor-section-content-top elementor-section-boxed elementor-section-height-default elementor-section-height-default elementor-invisible\" data-id=\"09bf0a5\" data-element_type=\"section\" data-settings=\"{&quot;stretch_section&quot;:&quot;section-stretched&quot;,&quot;background_background&quot;:&quot;classic&quot;,&quot;animation&quot;:&quot;fadeInUp&quot;}\">\n\t\t\t\t\t\t\t<div class=\"elementor-background-overlay\"><\/div>\n\t\t\t\t\t\t\t<div class=\"elementor-container elementor-column-gap-wider\">\n\t\t\t\t\t\t\t<div class=\"elementor-row\">\n\t\t\t\t\t<div class=\"elementor-column elementor-col-50 elementor-top-column elementor-element elementor-element-25af517\" data-id=\"25af517\" data-element_type=\"column\">\n\t\t\t<div class=\"elementor-column-wrap elementor-element-populated\">\n\t\t\t\t\t\t\t<div class=\"elementor-widget-wrap\">\n\t\t\t\t\t\t<div class=\"elementor-element elementor-element-58c51dd elementor-widget elementor-widget-image\" data-id=\"58c51dd\" data-element_type=\"widget\" data-widget_type=\"image.default\">\n\t\t\t\t<div class=\"elementor-widget-container\">\n\t\t\t\t\t<div class=\"elementor-image\">\n\t\t\t\t\t\t\t\t\t\t<img width=\"500\" height=\"333\" src=\"https:\/\/www.servidormix.com\/montemuroepaiva\/wp-content\/uploads\/2020\/05\/mezio-moura-morta.jpg\" class=\"attachment-large size-large\" alt=\"\" loading=\"lazy\" srcset=\"https:\/\/www.servidormix.com\/montemuroepaiva\/wp-content\/uploads\/2020\/05\/mezio-moura-morta.jpg 500w, https:\/\/www.servidormix.com\/montemuroepaiva\/wp-content\/uploads\/2020\/05\/mezio-moura-morta-300x200.jpg 300w, https:\/\/www.servidormix.com\/montemuroepaiva\/wp-content\/uploads\/2020\/05\/mezio-moura-morta-450x300.jpg 450w\" sizes=\"(max-width: 500px) 100vw, 500px\" \/>\t\t\t\t\t\t\t\t\t\t\t<\/div>\n\t\t\t\t<\/div>\n\t\t\t\t<\/div>\n\t\t\t\t\t\t<\/div>\n\t\t\t\t\t<\/div>\n\t\t<\/div>\n\t\t\t\t<div class=\"elementor-column elementor-col-50 elementor-top-column elementor-element elementor-element-166d7ea\" data-id=\"166d7ea\" data-element_type=\"column\">\n\t\t\t<div class=\"elementor-column-wrap elementor-element-populated\">\n\t\t\t\t\t\t\t<div class=\"elementor-widget-wrap\">\n\t\t\t\t\t\t<div class=\"elementor-element elementor-element-b819f3b elementor-widget elementor-widget-text-editor\" data-id=\"b819f3b\" data-element_type=\"widget\" data-widget_type=\"text-editor.default\">\n\t\t\t\t<div class=\"elementor-widget-container\">\n\t\t\t\t\t<div class=\"elementor-text-editor elementor-clearfix\"><p>A Uni\u00e3o das Freguesias foi constitu\u00edda em 2013, no \u00e2mbito da Reforma Administrativa Nacional pela agrega\u00e7\u00e3o das ent\u00e3o freguesias de Mezio e Moura Morta. Em termos populacionais tem 618 habitantes e uma \u00e1rea de 2265,15ha. A sua sede localiza-se no Mezio.<\/p>\n<p>Compreende os lugares de Cimo de Aldeia, Eido, Mezio, Rua, Vale Abrigoso e Moura Morta. Segundo dados hist\u00f3ricos da ent\u00e3o freguesia de Mezio durante a Idade-M\u00e9dia existia aqui um rio designado rio de Omezio. Estas terras estavam inclu\u00eddas no antigo concelho e julgado de Mo\u00e7\u00e3o, terra honrada por D. Afonso Henriques, que depois da morte de Egas Moniz ficou para sua filha, D. Urraca.<\/p>\n<p>Nesta regi\u00e3o existia, tamb\u00e9m, a honra de Vale do Conde, que correspondia a Vale Abrigoso. D. Urraca deixou, ent\u00e3o, as honras em testamento para D. Mafalda que doou metade das duas honras ao mosteiro de Arouca deixando tamb\u00e9m bens, no lugar de Cotelo, ao mosteiro de Salzedas. A igreja de Almacave, Lamego, o mosteiro de Entre-Ambos-os-Rios e o Hospital tamb\u00e9m adquiriram a\u00ed honras. No s\u00e9culo XIV, D. Pedro, conde de Barcelos, era o senhor destas honras passando, posteriormente, a seu filho o conde de Viana, seu hom\u00f3nimo.<\/p>\n<p>As honras do Mezio e de Vale do Conde \u201cconheceram\u201d v\u00e1rios senhorios, quase todos, destitu\u00eddos por trai\u00e7\u00e3o, acabando por se integrarem, no s\u00e9culo XVI, nos dom\u00ednios da Coroa por D. Jo\u00e3o III.<\/p>\n<p>Como refer\u00eancia \u00e0 \u00e9poca megal\u00edtica podemos encontrar nesta regi\u00e3o Antas Maiores e Antas Menores. Ap\u00f3s dois s\u00e9culos, estas terras estavam povoadas por \u201c306 almas e 93 fogos\u201d, segundo afirma o Abade Manuel Rodrigues. Nesta altura existiam a\u00ed tr\u00eas ermidas, uma situada na \u201cvila\u201d do Mezio e as outras duas em Vale Abrigoso. Nos \u00faltimos tempos o concelho compreendia duas freguesias \u2013 Mezio e Monteiras; foi extinto em 1834.<\/p>\n<p>A origem do top\u00f3nimo de Moura Morta deve-se \u00e0 seguinte lenda, relatada por um habitante da povoa\u00e7\u00e3o: \u201cUma moura dirigiu-se ao povoado, que, na altura, se chamava Mazes, e encontrou uns rapazes que, sentados \u00e0 sombra, impediam a sua passagem, j\u00e1 que havia luta entre crist\u00e3os e n\u00e3o-crist\u00e3os, e bateram-lhe. Ela caiu, morta e foi a\u00ed que nasceu o nome de Moura Morta\u201d. Moura Morta, na Alta Idade M\u00e9dia, estava inclu\u00eddo no termo de Mo\u00e7\u00e3o. Aquando da extin\u00e7\u00e3o do concelho de Mo\u00e7\u00e3o, em 1834, Moura Morta integrou-se no concelho de Castro Daire.<\/p><\/div>\n\t\t\t\t<\/div>\n\t\t\t\t<\/div>\n\t\t\t\t\t\t<\/div>\n\t\t\t\t\t<\/div>\n\t\t<\/div>\n\t\t\t\t\t\t\t\t<\/div>\n\t\t\t\t\t<\/div>\n\t\t<\/section>\n\t\t\t\t<section class=\"elementor-section elementor-top-section elementor-element elementor-element-2df0387 elementor-section-boxed elementor-section-height-default elementor-section-height-default\" data-id=\"2df0387\" data-element_type=\"section\">\n\t\t\t\t\t\t<div class=\"elementor-container elementor-column-gap-default\">\n\t\t\t\t\t\t\t<div class=\"elementor-row\">\n\t\t\t\t\t<div class=\"elementor-column elementor-col-100 elementor-top-column elementor-element elementor-element-b1f8dcf\" data-id=\"b1f8dcf\" data-element_type=\"column\">\n\t\t\t<div class=\"elementor-column-wrap elementor-element-populated\">\n\t\t\t\t\t\t\t<div class=\"elementor-widget-wrap\">\n\t\t\t\t\t\t<div class=\"elementor-element elementor-element-e4fafef elementor-widget elementor-widget-google_maps\" data-id=\"e4fafef\" data-element_type=\"widget\" data-widget_type=\"google_maps.default\">\n\t\t\t\t<div class=\"elementor-widget-container\">\n\t\t\t<div class=\"elementor-custom-embed\"><iframe frameborder=\"0\" scrolling=\"no\" marginheight=\"0\" marginwidth=\"0\" src=\"https:\/\/maps.google.com\/maps?q=UNI%C3%83O%20DAS%20FREGUESIAS%20DE%20MEZIO%20E%20MOURA%20MORTA&amp;t=m&amp;z=13&amp;output=embed&amp;iwloc=near\" title=\"UNI\u00c3O DAS FREGUESIAS DE MEZIO E MOURA MORTA\" aria-label=\"UNI\u00c3O DAS FREGUESIAS DE MEZIO E MOURA MORTA\"><\/iframe><\/div>\t\t<\/div>\n\t\t\t\t<\/div>\n\t\t\t\t\t\t<\/div>\n\t\t\t\t\t<\/div>\n\t\t<\/div>\n\t\t\t\t\t\t\t\t<\/div>\n\t\t\t\t\t<\/div>\n\t\t<\/section>\n\t\t\t\t\t\t<\/div>\n\t\t\t\t\t\t<\/div>\n\t\t\t\t\t<\/div>\n\t\t","protected":false},"excerpt":{"rendered":"<p>UNI\u00c3O DE freguesiaS de Mezio e Moura Morta A Uni\u00e3o das Freguesias foi constitu\u00edda em 2013, no \u00e2mbito da Reforma Administrativa Nacional pela agrega\u00e7\u00e3o das ent\u00e3o freguesias de Mezio e Moura Morta. Em termos populacionais tem 618 habitantes e uma \u00e1rea de 2265,15ha. A sua sede localiza-se no Mezio. Compreende os lugares de Cimo de [&hellip;]<\/p>\n","protected":false},"author":1,"featured_media":0,"parent":0,"menu_order":0,"comment_status":"closed","ping_status":"closed","template":"","meta":[],"_links":{"self":[{"href":"https:\/\/www.servidormix.com\/montemuroepaiva\/wp-json\/wp\/v2\/pages\/20342"}],"collection":[{"href":"https:\/\/www.servidormix.com\/montemuroepaiva\/wp-json\/wp\/v2\/pages"}],"about":[{"href":"https:\/\/www.servidormix.com\/montemuroepaiva\/wp-json\/wp\/v2\/types\/page"}],"author":[{"embeddable":true,"href":"https:\/\/www.servidormix.com\/montemuroepaiva\/wp-json\/wp\/v2\/users\/1"}],"replies":[{"embeddable":true,"href":"https:\/\/www.servidormix.com\/montemuroepaiva\/wp-json\/wp\/v2\/comments?post=20342"}],"version-history":[{"count":7,"href":"https:\/\/www.servidormix.com\/montemuroepaiva\/wp-json\/wp\/v2\/pages\/20342\/revisions"}],"predecessor-version":[{"id":23233,"href":"https:\/\/www.servidormix.com\/montemuroepaiva\/wp-json\/wp\/v2\/pages\/20342\/revisions\/23233"}],"wp:attachment":[{"href":"https:\/\/www.servidormix.com\/montemuroepaiva\/wp-json\/wp\/v2\/media?parent=20342"}],"curies":[{"name":"wp","href":"https:\/\/api.w.org\/{rel}","templated":true}]}}

União das Freguesias de Mezio e Moura Morta

<div data-elementor-type="wp-page" data-elementor-id="20342" class="elementor elementor-20342" data-elementor-settings="[]">
						<div class="elementor-inner">
							<div class="elementor-section-wrap">
							<section class="elementor-section elementor-top-section elementor-element elementor-element-6bad5c5 elementor-section-stretched elementor-section-boxed elementor-section-height-default elementor-section-height-default" data-id="6bad5c5" data-element_type="section" data-settings="{&quot;stretch_section&quot;:&quot;section-stretched&quot;,&quot;background_background&quot;:&quot;classic&quot;,&quot;background_motion_fx_motion_fx_scrolling&quot;:&quot;yes&quot;,&quot;background_motion_fx_translateY_effect&quot;:&quot;yes&quot;,&quot;background_motion_fx_translateY_speed&quot;:{&quot;unit&quot;:&quot;px&quot;,&quot;size&quot;:4,&quot;sizes&quot;:[]},&quot;background_motion_fx_translateY_affectedRange&quot;:{&quot;unit&quot;:&quot;%&quot;,&quot;size&quot;:&quot;&quot;,&quot;sizes&quot;:{&quot;start&quot;:0,&quot;end&quot;:100}},&quot;background_motion_fx_devices&quot;:[&quot;desktop&quot;,&quot;tablet&quot;,&quot;mobile&quot;]}">
							<div class="elementor-background-overlay"></div>
							<div class="elementor-container elementor-column-gap-default">
							<div class="elementor-row">
					<div class="elementor-column elementor-col-100 elementor-top-column elementor-element elementor-element-a5d794b" data-id="a5d794b" data-element_type="column">
			<div class="elementor-column-wrap elementor-element-populated">
							<div class="elementor-widget-wrap">
						<div class="elementor-element elementor-element-855a684 elementor-widget elementor-widget-heading" data-id="855a684" data-element_type="widget" data-widget_type="heading.default">
				<div class="elementor-widget-container">
			<h4 class="elementor-heading-title elementor-size-default">UNIÃO DE freguesiaS de</h4>		</div>
				</div>
				<div class="elementor-element elementor-element-8c2ab08 elementor-widget elementor-widget-heading" data-id="8c2ab08" data-element_type="widget" data-widget_type="heading.default">
				<div class="elementor-widget-container">
			<h2 class="elementor-heading-title elementor-size-default"><b>Mezio<br>e Moura Morta</b><br></h2>		</div>
				</div>
						</div>
					</div>
		</div>
								</div>
					</div>
		</section>
				<section class="elementor-section elementor-top-section elementor-element elementor-element-09bf0a5 elementor-section-stretched elementor-section-content-top elementor-section-boxed elementor-section-height-default elementor-section-height-default elementor-invisible" data-id="09bf0a5" data-element_type="section" data-settings="{&quot;stretch_section&quot;:&quot;section-stretched&quot;,&quot;background_background&quot;:&quot;classic&quot;,&quot;animation&quot;:&quot;fadeInUp&quot;}">
							<div class="elementor-background-overlay"></div>
							<div class="elementor-container elementor-column-gap-wider">
							<div class="elementor-row">
					<div class="elementor-column elementor-col-50 elementor-top-column elementor-element elementor-element-25af517" data-id="25af517" data-element_type="column">
			<div class="elementor-column-wrap elementor-element-populated">
							<div class="elementor-widget-wrap">
						<div class="elementor-element elementor-element-58c51dd elementor-widget elementor-widget-image" data-id="58c51dd" data-element_type="widget" data-widget_type="image.default">
				<div class="elementor-widget-container">
					<div class="elementor-image">
										<img width="500" height="333" src="https://www.servidormix.com/montemuroepaiva/wp-content/uploads/2020/05/mezio-moura-morta.jpg" class="attachment-large size-large" alt="" loading="lazy" srcset="https://www.servidormix.com/montemuroepaiva/wp-content/uploads/2020/05/mezio-moura-morta.jpg 500w, https://www.servidormix.com/montemuroepaiva/wp-content/uploads/2020/05/mezio-moura-morta-300x200.jpg 300w, https://www.servidormix.com/montemuroepaiva/wp-content/uploads/2020/05/mezio-moura-morta-450x300.jpg 450w" sizes="(max-width: 500px) 100vw, 500px" />											</div>
				</div>
				</div>
						</div>
					</div>
		</div>
				<div class="elementor-column elementor-col-50 elementor-top-column elementor-element elementor-element-166d7ea" data-id="166d7ea" data-element_type="column">
			<div class="elementor-column-wrap elementor-element-populated">
							<div class="elementor-widget-wrap">
						<div class="elementor-element elementor-element-b819f3b elementor-widget elementor-widget-text-editor" data-id="b819f3b" data-element_type="widget" data-widget_type="text-editor.default">
				<div class="elementor-widget-container">
					<div class="elementor-text-editor elementor-clearfix"><p>A União das Freguesias foi constituída em 2013, no âmbito da Reforma Administrativa Nacional pela agregação das então freguesias de Mezio e Moura Morta. Em termos populacionais tem 618 habitantes e uma área de 2265,15ha. A sua sede localiza-se no Mezio.</p>
<p>Compreende os lugares de Cimo de Aldeia, Eido, Mezio, Rua, Vale Abrigoso e Moura Morta. Segundo dados históricos da então freguesia de Mezio durante a Idade-Média existia aqui um rio designado rio de Omezio. Estas terras estavam incluídas no antigo concelho e julgado de Moção, terra honrada por D. Afonso Henriques, que depois da morte de Egas Moniz ficou para sua filha, D. Urraca.</p>
<p>Nesta região existia, também, a honra de Vale do Conde, que correspondia a Vale Abrigoso. D. Urraca deixou, então, as honras em testamento para D. Mafalda que doou metade das duas honras ao mosteiro de Arouca deixando também bens, no lugar de Cotelo, ao mosteiro de Salzedas. A igreja de Almacave, Lamego, o mosteiro de Entre-Ambos-os-Rios e o Hospital também adquiriram aí honras. No século XIV, D. Pedro, conde de Barcelos, era o senhor destas honras passando, posteriormente, a seu filho o conde de Viana, seu homónimo.</p>
<p>As honras do Mezio e de Vale do Conde “conheceram” vários senhorios, quase todos, destituídos por traição, acabando por se integrarem, no século XVI, nos domínios da Coroa por D. João III.</p>
<p>Como referência à época megalítica podemos encontrar nesta região Antas Maiores e Antas Menores. Após dois séculos, estas terras estavam povoadas por “306 almas e 93 fogos”, segundo afirma o Abade Manuel Rodrigues. Nesta altura existiam aí três ermidas, uma situada na “vila” do Mezio e as outras duas em Vale Abrigoso. Nos últimos tempos o concelho compreendia duas freguesias – Mezio e Monteiras; foi extinto em 1834.</p>
<p>A origem do topónimo de Moura Morta deve-se à seguinte lenda, relatada por um habitante da povoação: “Uma moura dirigiu-se ao povoado, que, na altura, se chamava Mazes, e encontrou uns rapazes que, sentados à sombra, impediam a sua passagem, já que havia luta entre cristãos e não-cristãos, e bateram-lhe. Ela caiu, morta e foi aí que nasceu o nome de Moura Morta”. Moura Morta, na Alta Idade Média, estava incluído no termo de Moção. Aquando da extinção do concelho de Moção, em 1834, Moura Morta integrou-se no concelho de Castro Daire.</p></div>
				</div>
				</div>
						</div>
					</div>
		</div>
								</div>
					</div>
		</section>
				<section class="elementor-section elementor-top-section elementor-element elementor-element-2df0387 elementor-section-boxed elementor-section-height-default elementor-section-height-default" data-id="2df0387" data-element_type="section">
						<div class="elementor-container elementor-column-gap-default">
							<div class="elementor-row">
					<div class="elementor-column elementor-col-100 elementor-top-column elementor-element elementor-element-b1f8dcf" data-id="b1f8dcf" data-element_type="column">
			<div class="elementor-column-wrap elementor-element-populated">
							<div class="elementor-widget-wrap">
						<div class="elementor-element elementor-element-e4fafef elementor-widget elementor-widget-google_maps" data-id="e4fafef" data-element_type="widget" data-widget_type="google_maps.default">
				<div class="elementor-widget-container">
			<div class="elementor-custom-embed"><iframe frameborder="0" scrolling="no" marginheight="0" marginwidth="0" src="https://maps.google.com/maps?q=UNI%C3%83O%20DAS%20FREGUESIAS%20DE%20MEZIO%20E%20MOURA%20MORTA&amp;t=m&amp;z=13&amp;output=embed&amp;iwloc=near" title="UNIÃO DAS FREGUESIAS DE MEZIO E MOURA MORTA" aria-label="UNIÃO DAS FREGUESIAS DE MEZIO E MOURA MORTA"></iframe></div>		</div>
				</div>
						</div>
					</div>
		</div>
								</div>
					</div>
		</section>
						</div>
						</div>
					</div>

<p>UNIÃO DE freguesiaS de Mezio e Moura Morta A União das Freguesias foi constituída em 2013, no âmbito da Reforma Administrativa Nacional pela agregação das então freguesias de Mezio e Moura Morta. Em termos populacionais tem 618 habitantes e uma área de 2265,15ha. A sua sede localiza-se no Mezio. Compreende os lugares de Cimo de [&hellip;]</p>
