{"id":20348,"date":"2020-05-29T10:44:28","date_gmt":"2020-05-29T09:44:28","guid":{"rendered":"https:\/\/www.servidormix.com\/montemuroepaiva\/?page_id=20348"},"modified":"2021-02-24T14:16:42","modified_gmt":"2021-02-24T14:16:42","slug":"freguesia-de-sao-joaninho","status":"publish","type":"page","link":"https:\/\/www.servidormix.com\/montemuroepaiva\/freguesia-de-sao-joaninho\/","title":{"rendered":"Freguesia de S\u00e3o Joaninho"},"content":{"rendered":"\t\t<div data-elementor-type=\"wp-page\" data-elementor-id=\"20348\" class=\"elementor elementor-20348\" data-elementor-settings=\"[]\">\n\t\t\t\t\t\t<div class=\"elementor-inner\">\n\t\t\t\t\t\t\t<div class=\"elementor-section-wrap\">\n\t\t\t\t\t\t\t<section class=\"elementor-section elementor-top-section elementor-element elementor-element-6bad5c5 elementor-section-stretched elementor-section-boxed elementor-section-height-default elementor-section-height-default\" data-id=\"6bad5c5\" data-element_type=\"section\" data-settings=\"{&quot;stretch_section&quot;:&quot;section-stretched&quot;,&quot;background_background&quot;:&quot;classic&quot;,&quot;background_motion_fx_motion_fx_scrolling&quot;:&quot;yes&quot;,&quot;background_motion_fx_translateY_effect&quot;:&quot;yes&quot;,&quot;background_motion_fx_translateY_speed&quot;:{&quot;unit&quot;:&quot;px&quot;,&quot;size&quot;:4,&quot;sizes&quot;:[]},&quot;background_motion_fx_translateY_affectedRange&quot;:{&quot;unit&quot;:&quot;%&quot;,&quot;size&quot;:&quot;&quot;,&quot;sizes&quot;:{&quot;start&quot;:0,&quot;end&quot;:100}},&quot;background_motion_fx_devices&quot;:[&quot;desktop&quot;,&quot;tablet&quot;,&quot;mobile&quot;]}\">\n\t\t\t\t\t\t\t<div class=\"elementor-background-overlay\"><\/div>\n\t\t\t\t\t\t\t<div class=\"elementor-container elementor-column-gap-default\">\n\t\t\t\t\t\t\t<div class=\"elementor-row\">\n\t\t\t\t\t<div class=\"elementor-column elementor-col-100 elementor-top-column elementor-element elementor-element-a5d794b\" data-id=\"a5d794b\" data-element_type=\"column\">\n\t\t\t<div class=\"elementor-column-wrap elementor-element-populated\">\n\t\t\t\t\t\t\t<div class=\"elementor-widget-wrap\">\n\t\t\t\t\t\t<div class=\"elementor-element elementor-element-855a684 elementor-widget elementor-widget-heading\" data-id=\"855a684\" data-element_type=\"widget\" data-widget_type=\"heading.default\">\n\t\t\t\t<div class=\"elementor-widget-container\">\n\t\t\t<h4 class=\"elementor-heading-title elementor-size-default\">freguesia de<\/h4>\t\t<\/div>\n\t\t\t\t<\/div>\n\t\t\t\t<div class=\"elementor-element elementor-element-8c2ab08 elementor-widget elementor-widget-heading\" data-id=\"8c2ab08\" data-element_type=\"widget\" data-widget_type=\"heading.default\">\n\t\t\t\t<div class=\"elementor-widget-container\">\n\t\t\t<h2 class=\"elementor-heading-title elementor-size-default\"><b> S\u00e3o Joaninho<\/b><\/h2>\t\t<\/div>\n\t\t\t\t<\/div>\n\t\t\t\t\t\t<\/div>\n\t\t\t\t\t<\/div>\n\t\t<\/div>\n\t\t\t\t\t\t\t\t<\/div>\n\t\t\t\t\t<\/div>\n\t\t<\/section>\n\t\t\t\t<section class=\"elementor-section elementor-top-section elementor-element elementor-element-09bf0a5 elementor-section-stretched elementor-section-content-top elementor-section-boxed elementor-section-height-default elementor-section-height-default elementor-invisible\" data-id=\"09bf0a5\" data-element_type=\"section\" data-settings=\"{&quot;stretch_section&quot;:&quot;section-stretched&quot;,&quot;background_background&quot;:&quot;classic&quot;,&quot;animation&quot;:&quot;fadeInUp&quot;}\">\n\t\t\t\t\t\t\t<div class=\"elementor-background-overlay\"><\/div>\n\t\t\t\t\t\t\t<div class=\"elementor-container elementor-column-gap-wider\">\n\t\t\t\t\t\t\t<div class=\"elementor-row\">\n\t\t\t\t\t<div class=\"elementor-column elementor-col-50 elementor-top-column elementor-element elementor-element-25af517\" data-id=\"25af517\" data-element_type=\"column\">\n\t\t\t<div class=\"elementor-column-wrap elementor-element-populated\">\n\t\t\t\t\t\t\t<div class=\"elementor-widget-wrap\">\n\t\t\t\t\t\t<div class=\"elementor-element elementor-element-58c51dd elementor-widget elementor-widget-image\" data-id=\"58c51dd\" data-element_type=\"widget\" data-widget_type=\"image.default\">\n\t\t\t\t<div class=\"elementor-widget-container\">\n\t\t\t\t\t<div class=\"elementor-image\">\n\t\t\t\t\t\t\t\t\t\t<img width=\"1024\" height=\"682\" src=\"https:\/\/www.servidormix.com\/montemuroepaiva\/wp-content\/uploads\/2021\/01\/Igreja-Paroquial-de-S\u00e3o-Joaninho-1024x682.jpg\" class=\"attachment-large size-large\" alt=\"\" loading=\"lazy\" srcset=\"https:\/\/www.servidormix.com\/montemuroepaiva\/wp-content\/uploads\/2021\/01\/Igreja-Paroquial-de-S\u00e3o-Joaninho-1024x682.jpg 1024w, https:\/\/www.servidormix.com\/montemuroepaiva\/wp-content\/uploads\/2021\/01\/Igreja-Paroquial-de-S\u00e3o-Joaninho-300x200.jpg 300w, https:\/\/www.servidormix.com\/montemuroepaiva\/wp-content\/uploads\/2021\/01\/Igreja-Paroquial-de-S\u00e3o-Joaninho-768x512.jpg 768w, https:\/\/www.servidormix.com\/montemuroepaiva\/wp-content\/uploads\/2021\/01\/Igreja-Paroquial-de-S\u00e3o-Joaninho-391x260.jpg 391w, https:\/\/www.servidormix.com\/montemuroepaiva\/wp-content\/uploads\/2021\/01\/Igreja-Paroquial-de-S\u00e3o-Joaninho-1536x1024.jpg 1536w, https:\/\/www.servidormix.com\/montemuroepaiva\/wp-content\/uploads\/2021\/01\/Igreja-Paroquial-de-S\u00e3o-Joaninho-2048x1365.jpg 2048w, https:\/\/www.servidormix.com\/montemuroepaiva\/wp-content\/uploads\/2021\/01\/Igreja-Paroquial-de-S\u00e3o-Joaninho-450x300.jpg 450w, https:\/\/www.servidormix.com\/montemuroepaiva\/wp-content\/uploads\/2021\/01\/Igreja-Paroquial-de-S\u00e3o-Joaninho-1201x800.jpg 1201w, https:\/\/www.servidormix.com\/montemuroepaiva\/wp-content\/uploads\/2021\/01\/Igreja-Paroquial-de-S\u00e3o-Joaninho-600x400.jpg 600w, https:\/\/www.servidormix.com\/montemuroepaiva\/wp-content\/uploads\/2021\/01\/Igreja-Paroquial-de-S\u00e3o-Joaninho-scaled-e1611332704619.jpg 500w\" sizes=\"(max-width: 1024px) 100vw, 1024px\" \/>\t\t\t\t\t\t\t\t\t\t\t<\/div>\n\t\t\t\t<\/div>\n\t\t\t\t<\/div>\n\t\t\t\t\t\t<\/div>\n\t\t\t\t\t<\/div>\n\t\t<\/div>\n\t\t\t\t<div class=\"elementor-column elementor-col-50 elementor-top-column elementor-element elementor-element-166d7ea\" data-id=\"166d7ea\" data-element_type=\"column\">\n\t\t\t<div class=\"elementor-column-wrap elementor-element-populated\">\n\t\t\t\t\t\t\t<div class=\"elementor-widget-wrap\">\n\t\t\t\t\t\t<div class=\"elementor-element elementor-element-b819f3b elementor-widget elementor-widget-text-editor\" data-id=\"b819f3b\" data-element_type=\"widget\" data-widget_type=\"text-editor.default\">\n\t\t\t\t<div class=\"elementor-widget-container\">\n\t\t\t\t\t<div class=\"elementor-text-editor elementor-clearfix\"><p>Situa-se a 3 quil\u00f3metros da margem direita do Rio Paiva, ocupa 8,2 quil\u00f3metros quadrados, tem 413 habitantes e dista 8 quil\u00f3metros do concelho de Castro Daire. O povoamento desta freguesia \u00e9 bastante antigo. O top\u00f3nimo de S. Joaninho, joannni\uf01co no s\u00e9culo XIV, representa um tratamento familiar e de certa forma carinhoso atribu\u00eddo ao santo padroeiro deste local \u2013 S. Jo\u00e3o Baptista. O territ\u00f3rio desta freguesia, na primeira metade de s\u00e9culo XII, estava integrado no couto de M\u00f5es, terras que pertenceram a Egas Moniz, aio de D. Afonso Henriques.<\/p>\n<p>Contudo, o couto, que nos dias de hoje compreende as freguesias de M\u00f5es, Moledo (sul do rio), S. Joaninho e Cuj\u00f3 (a norte) possivelmente ter\u00e1 sido criado por D. Mo\u00e7o Viegas, filho de Egas Moniz, no ano de 1150. A cria\u00e7\u00e3o da par\u00f3quia deve-se, ao que parece, ao mosteiro da Ermida de Riba Paiva, seu protetor o c\u00e9lebre Mem Moniz \u201cde Ribadouro\u201d \u2013 tio de D. Mo\u00e7o Viegas, Senhor de M\u00f5es. Segundo as Inquiri\u00e7\u00f5es de 1290 no que concerne a todo o couto de M\u00f5es, incluindo S. Joaninho: \u201cfoi todo herdamento e honra de Dom Mo\u00e7o Viegas e ora\u2026 (seus sucessores) \u2026 herdamentos de C\u00e1rquere e do Mosteiro da Ermida, e do Mosteiro de Arouca e de Entre-Ambos-os-Rios e de homens filhos de algo e de donas e\u2026da S\u00e9 de Viseu e\u2026do Hospital\u201d. Sabe-se que nos finais do s\u00e9culo XVIII, o mosteiro da Ermida apresentava, ainda, o p\u00e1raco de S. Joaninho<\/p><\/div>\n\t\t\t\t<\/div>\n\t\t\t\t<\/div>\n\t\t\t\t\t\t<\/div>\n\t\t\t\t\t<\/div>\n\t\t<\/div>\n\t\t\t\t\t\t\t\t<\/div>\n\t\t\t\t\t<\/div>\n\t\t<\/section>\n\t\t\t\t<section class=\"elementor-section elementor-top-section elementor-element elementor-element-2df0387 elementor-section-boxed elementor-section-height-default elementor-section-height-default\" data-id=\"2df0387\" data-element_type=\"section\">\n\t\t\t\t\t\t<div class=\"elementor-container elementor-column-gap-default\">\n\t\t\t\t\t\t\t<div class=\"elementor-row\">\n\t\t\t\t\t<div class=\"elementor-column elementor-col-100 elementor-top-column elementor-element elementor-element-b1f8dcf\" data-id=\"b1f8dcf\" data-element_type=\"column\">\n\t\t\t<div class=\"elementor-column-wrap elementor-element-populated\">\n\t\t\t\t\t\t\t<div class=\"elementor-widget-wrap\">\n\t\t\t\t\t\t<div class=\"elementor-element elementor-element-e4fafef elementor-widget elementor-widget-google_maps\" data-id=\"e4fafef\" data-element_type=\"widget\" data-widget_type=\"google_maps.default\">\n\t\t\t\t<div class=\"elementor-widget-container\">\n\t\t\t<div class=\"elementor-custom-embed\"><iframe frameborder=\"0\" scrolling=\"no\" marginheight=\"0\" marginwidth=\"0\" src=\"https:\/\/maps.google.com\/maps?q=3600-651%2C%20R%2C%20R.%20Principal%20n%C2%BA49%2C%20S.%20Joaninho&amp;t=m&amp;z=13&amp;output=embed&amp;iwloc=near\" title=\"3600-651, R, R. Principal n\u00ba49, S. Joaninho\" aria-label=\"3600-651, R, R. Principal n\u00ba49, S. Joaninho\"><\/iframe><\/div>\t\t<\/div>\n\t\t\t\t<\/div>\n\t\t\t\t\t\t<\/div>\n\t\t\t\t\t<\/div>\n\t\t<\/div>\n\t\t\t\t\t\t\t\t<\/div>\n\t\t\t\t\t<\/div>\n\t\t<\/section>\n\t\t\t\t\t\t<\/div>\n\t\t\t\t\t\t<\/div>\n\t\t\t\t\t<\/div>\n\t\t","protected":false},"excerpt":{"rendered":"<p>freguesia de S\u00e3o Joaninho Situa-se a 3 quil\u00f3metros da margem direita do Rio Paiva, ocupa 8,2 quil\u00f3metros quadrados, tem 413 habitantes e dista 8 quil\u00f3metros do concelho de Castro Daire. O povoamento desta freguesia \u00e9 bastante antigo. O top\u00f3nimo de S. Joaninho, joannni\uf01co no s\u00e9culo XIV, representa um tratamento familiar e de certa forma carinhoso [&hellip;]<\/p>\n","protected":false},"author":1,"featured_media":20232,"parent":0,"menu_order":0,"comment_status":"closed","ping_status":"closed","template":"","meta":[],"_links":{"self":[{"href":"https:\/\/www.servidormix.com\/montemuroepaiva\/wp-json\/wp\/v2\/pages\/20348"}],"collection":[{"href":"https:\/\/www.servidormix.com\/montemuroepaiva\/wp-json\/wp\/v2\/pages"}],"about":[{"href":"https:\/\/www.servidormix.com\/montemuroepaiva\/wp-json\/wp\/v2\/types\/page"}],"author":[{"embeddable":true,"href":"https:\/\/www.servidormix.com\/montemuroepaiva\/wp-json\/wp\/v2\/users\/1"}],"replies":[{"embeddable":true,"href":"https:\/\/www.servidormix.com\/montemuroepaiva\/wp-json\/wp\/v2\/comments?post=20348"}],"version-history":[{"count":13,"href":"https:\/\/www.servidormix.com\/montemuroepaiva\/wp-json\/wp\/v2\/pages\/20348\/revisions"}],"predecessor-version":[{"id":24486,"href":"https:\/\/www.servidormix.com\/montemuroepaiva\/wp-json\/wp\/v2\/pages\/20348\/revisions\/24486"}],"wp:featuredmedia":[{"embeddable":true,"href":"https:\/\/www.servidormix.com\/montemuroepaiva\/wp-json\/wp\/v2\/media\/20232"}],"wp:attachment":[{"href":"https:\/\/www.servidormix.com\/montemuroepaiva\/wp-json\/wp\/v2\/media?parent=20348"}],"curies":[{"name":"wp","href":"https:\/\/api.w.org\/{rel}","templated":true}]}}

Freguesia de São Joaninho

<div data-elementor-type="wp-page" data-elementor-id="20348" class="elementor elementor-20348" data-elementor-settings="[]">
						<div class="elementor-inner">
							<div class="elementor-section-wrap">
							<section class="elementor-section elementor-top-section elementor-element elementor-element-6bad5c5 elementor-section-stretched elementor-section-boxed elementor-section-height-default elementor-section-height-default" data-id="6bad5c5" data-element_type="section" data-settings="{&quot;stretch_section&quot;:&quot;section-stretched&quot;,&quot;background_background&quot;:&quot;classic&quot;,&quot;background_motion_fx_motion_fx_scrolling&quot;:&quot;yes&quot;,&quot;background_motion_fx_translateY_effect&quot;:&quot;yes&quot;,&quot;background_motion_fx_translateY_speed&quot;:{&quot;unit&quot;:&quot;px&quot;,&quot;size&quot;:4,&quot;sizes&quot;:[]},&quot;background_motion_fx_translateY_affectedRange&quot;:{&quot;unit&quot;:&quot;%&quot;,&quot;size&quot;:&quot;&quot;,&quot;sizes&quot;:{&quot;start&quot;:0,&quot;end&quot;:100}},&quot;background_motion_fx_devices&quot;:[&quot;desktop&quot;,&quot;tablet&quot;,&quot;mobile&quot;]}">
							<div class="elementor-background-overlay"></div>
							<div class="elementor-container elementor-column-gap-default">
							<div class="elementor-row">
					<div class="elementor-column elementor-col-100 elementor-top-column elementor-element elementor-element-a5d794b" data-id="a5d794b" data-element_type="column">
			<div class="elementor-column-wrap elementor-element-populated">
							<div class="elementor-widget-wrap">
						<div class="elementor-element elementor-element-855a684 elementor-widget elementor-widget-heading" data-id="855a684" data-element_type="widget" data-widget_type="heading.default">
				<div class="elementor-widget-container">
			<h4 class="elementor-heading-title elementor-size-default">freguesia de</h4>		</div>
				</div>
				<div class="elementor-element elementor-element-8c2ab08 elementor-widget elementor-widget-heading" data-id="8c2ab08" data-element_type="widget" data-widget_type="heading.default">
				<div class="elementor-widget-container">
			<h2 class="elementor-heading-title elementor-size-default"><b> São Joaninho</b></h2>		</div>
				</div>
						</div>
					</div>
		</div>
								</div>
					</div>
		</section>
				<section class="elementor-section elementor-top-section elementor-element elementor-element-09bf0a5 elementor-section-stretched elementor-section-content-top elementor-section-boxed elementor-section-height-default elementor-section-height-default elementor-invisible" data-id="09bf0a5" data-element_type="section" data-settings="{&quot;stretch_section&quot;:&quot;section-stretched&quot;,&quot;background_background&quot;:&quot;classic&quot;,&quot;animation&quot;:&quot;fadeInUp&quot;}">
							<div class="elementor-background-overlay"></div>
							<div class="elementor-container elementor-column-gap-wider">
							<div class="elementor-row">
					<div class="elementor-column elementor-col-50 elementor-top-column elementor-element elementor-element-25af517" data-id="25af517" data-element_type="column">
			<div class="elementor-column-wrap elementor-element-populated">
							<div class="elementor-widget-wrap">
						<div class="elementor-element elementor-element-58c51dd elementor-widget elementor-widget-image" data-id="58c51dd" data-element_type="widget" data-widget_type="image.default">
				<div class="elementor-widget-container">
					<div class="elementor-image">
										<img width="1024" height="682" src="https://www.servidormix.com/montemuroepaiva/wp-content/uploads/2021/01/Igreja-Paroquial-de-São-Joaninho-1024x682.jpg" class="attachment-large size-large" alt="" loading="lazy" srcset="https://www.servidormix.com/montemuroepaiva/wp-content/uploads/2021/01/Igreja-Paroquial-de-São-Joaninho-1024x682.jpg 1024w, https://www.servidormix.com/montemuroepaiva/wp-content/uploads/2021/01/Igreja-Paroquial-de-São-Joaninho-300x200.jpg 300w, https://www.servidormix.com/montemuroepaiva/wp-content/uploads/2021/01/Igreja-Paroquial-de-São-Joaninho-768x512.jpg 768w, https://www.servidormix.com/montemuroepaiva/wp-content/uploads/2021/01/Igreja-Paroquial-de-São-Joaninho-391x260.jpg 391w, https://www.servidormix.com/montemuroepaiva/wp-content/uploads/2021/01/Igreja-Paroquial-de-São-Joaninho-1536x1024.jpg 1536w, https://www.servidormix.com/montemuroepaiva/wp-content/uploads/2021/01/Igreja-Paroquial-de-São-Joaninho-2048x1365.jpg 2048w, https://www.servidormix.com/montemuroepaiva/wp-content/uploads/2021/01/Igreja-Paroquial-de-São-Joaninho-450x300.jpg 450w, https://www.servidormix.com/montemuroepaiva/wp-content/uploads/2021/01/Igreja-Paroquial-de-São-Joaninho-1201x800.jpg 1201w, https://www.servidormix.com/montemuroepaiva/wp-content/uploads/2021/01/Igreja-Paroquial-de-São-Joaninho-600x400.jpg 600w, https://www.servidormix.com/montemuroepaiva/wp-content/uploads/2021/01/Igreja-Paroquial-de-São-Joaninho-scaled-e1611332704619.jpg 500w" sizes="(max-width: 1024px) 100vw, 1024px" />											</div>
				</div>
				</div>
						</div>
					</div>
		</div>
				<div class="elementor-column elementor-col-50 elementor-top-column elementor-element elementor-element-166d7ea" data-id="166d7ea" data-element_type="column">
			<div class="elementor-column-wrap elementor-element-populated">
							<div class="elementor-widget-wrap">
						<div class="elementor-element elementor-element-b819f3b elementor-widget elementor-widget-text-editor" data-id="b819f3b" data-element_type="widget" data-widget_type="text-editor.default">
				<div class="elementor-widget-container">
					<div class="elementor-text-editor elementor-clearfix"><p>Situa-se a 3 quilómetros da margem direita do Rio Paiva, ocupa 8,2 quilómetros quadrados, tem 413 habitantes e dista 8 quilómetros do concelho de Castro Daire. O povoamento desta freguesia é bastante antigo. O topónimo de S. Joaninho, joannnio no século XIV, representa um tratamento familiar e de certa forma carinhoso atribuído ao santo padroeiro deste local – S. João Baptista. O território desta freguesia, na primeira metade de século XII, estava integrado no couto de Mões, terras que pertenceram a Egas Moniz, aio de D. Afonso Henriques.</p>
<p>Contudo, o couto, que nos dias de hoje compreende as freguesias de Mões, Moledo (sul do rio), S. Joaninho e Cujó (a norte) possivelmente terá sido criado por D. Moço Viegas, filho de Egas Moniz, no ano de 1150. A criação da paróquia deve-se, ao que parece, ao mosteiro da Ermida de Riba Paiva, seu protetor o célebre Mem Moniz “de Ribadouro” – tio de D. Moço Viegas, Senhor de Mões. Segundo as Inquirições de 1290 no que concerne a todo o couto de Mões, incluindo S. Joaninho: “foi todo herdamento e honra de Dom Moço Viegas e ora… (seus sucessores) … herdamentos de Cárquere e do Mosteiro da Ermida, e do Mosteiro de Arouca e de Entre-Ambos-os-Rios e de homens filhos de algo e de donas e…da Sé de Viseu e…do Hospital”. Sabe-se que nos finais do século XVIII, o mosteiro da Ermida apresentava, ainda, o páraco de S. Joaninho</p></div>
				</div>
				</div>
						</div>
					</div>
		</div>
								</div>
					</div>
		</section>
				<section class="elementor-section elementor-top-section elementor-element elementor-element-2df0387 elementor-section-boxed elementor-section-height-default elementor-section-height-default" data-id="2df0387" data-element_type="section">
						<div class="elementor-container elementor-column-gap-default">
							<div class="elementor-row">
					<div class="elementor-column elementor-col-100 elementor-top-column elementor-element elementor-element-b1f8dcf" data-id="b1f8dcf" data-element_type="column">
			<div class="elementor-column-wrap elementor-element-populated">
							<div class="elementor-widget-wrap">
						<div class="elementor-element elementor-element-e4fafef elementor-widget elementor-widget-google_maps" data-id="e4fafef" data-element_type="widget" data-widget_type="google_maps.default">
				<div class="elementor-widget-container">
			<div class="elementor-custom-embed"><iframe frameborder="0" scrolling="no" marginheight="0" marginwidth="0" src="https://maps.google.com/maps?q=3600-651%2C%20R%2C%20R.%20Principal%20n%C2%BA49%2C%20S.%20Joaninho&amp;t=m&amp;z=13&amp;output=embed&amp;iwloc=near" title="3600-651, R, R. Principal nº49, S. Joaninho" aria-label="3600-651, R, R. Principal nº49, S. Joaninho"></iframe></div>		</div>
				</div>
						</div>
					</div>
		</div>
								</div>
					</div>
		</section>
						</div>
						</div>
					</div>

<p>freguesia de São Joaninho Situa-se a 3 quilómetros da margem direita do Rio Paiva, ocupa 8,2 quilómetros quadrados, tem 413 habitantes e dista 8 quilómetros do concelho de Castro Daire. O povoamento desta freguesia é bastante antigo. O topónimo de S. Joaninho, joannnio no século XIV, representa um tratamento familiar e de certa forma carinhoso [&hellip;]</p>
